{"id":722,"date":"2013-03-24T23:22:10","date_gmt":"2013-03-25T03:22:10","guid":{"rendered":"\/?page_id=722"},"modified":"2013-03-24T23:22:40","modified_gmt":"2013-03-25T03:22:40","slug":"programme-tranquili-t","status":"publish","type":"page","link":"https:\/\/eryckveziau.com\/en\/vendre-2\/programme-tranquili-t\/","title":{"rendered":"Programme Tranquili-T"},"content":{"rendered":"<p><a href=\"\/files\/2013\/03\/TranquiliT4.jpg\"><img loading=\"lazy\" decoding=\"async\" class=\"alignleft size-medium wp-image-725\" title=\"TranquiliT\" src=\"\/files\/2013\/03\/TranquiliT4-247x300.jpg\" alt=\"\" width=\"247\" height=\"300\" srcset=\"https:\/\/eryckveziau.com\/files\/2013\/03\/TranquiliT4-247x300.jpg 247w, https:\/\/eryckveziau.com\/files\/2013\/03\/TranquiliT4.jpg 651w\" sizes=\"auto, (max-width: 247px) 100vw, 247px\" \/><\/a><\/p>","protected":false},"excerpt":{"rendered":"","protected":false},"author":285,"featured_media":0,"parent":15,"menu_order":0,"comment_status":"open","ping_status":"open","template":"","meta":{"_acf_changed":false,"footnotes":""},"class_list":["post-722","page","type-page","status-publish","hentry"],"acf":[],"yoast_head":"<!-- This site is optimized with the Yoast SEO plugin v26.7 - https:\/\/yoast.com\/wordpress\/plugins\/seo\/ -->\n<title>Programme Tranquili-T | ERYCK V\u00c9ZIAU, COURTIER IMMOBILIER LAVAL, COURTIER IMMOBILIER STE-DOROTH\u00c9E, MAISON \u00c0 VENDRE LAVAL, AGENT IMMOBILIER STE-DOROTH\u00c9E<\/title>\n<meta name=\"robots\" content=\"index, follow, max-snippet:-1, max-image-preview:large, max-video-preview:-1\" \/>\n<link rel=\"canonical\" href=\"https:\/\/eryckveziau.com\/vendre-2\/programme-tranquili-t\/\" \/>\n<meta property=\"og:locale\" content=\"en_US\" \/>\n<meta property=\"og:type\" content=\"article\" \/>\n<meta property=\"og:title\" content=\"Programme Tranquili-T | ERYCK V\u00c9ZIAU, COURTIER IMMOBILIER LAVAL, COURTIER IMMOBILIER STE-DOROTH\u00c9E, MAISON \u00c0 VENDRE LAVAL, AGENT IMMOBILIER STE-DOROTH\u00c9E\" \/>\n<meta property=\"og:url\" content=\"https:\/\/eryckveziau.com\/vendre-2\/programme-tranquili-t\/\" \/>\n<meta property=\"og:site_name\" content=\"ERYCK V\u00c9ZIAU, COURTIER IMMOBILIER LAVAL, COURTIER IMMOBILIER STE-DOROTH\u00c9E, MAISON \u00c0 VENDRE LAVAL, AGENT IMMOBILIER STE-DOROTH\u00c9E\" \/>\n<meta property=\"article:publisher\" content=\"https:\/\/www.facebook.com\/EryckVeziau.courtier.immobilier.ReMax.Laval\" \/>\n<meta property=\"article:modified_time\" content=\"2013-03-25T03:22:40+00:00\" \/>\n<meta property=\"og:image\" content=\"https:\/\/eryckveziau.com\/files\/2022\/09\/PartageEveziau.png\" \/>\n\t<meta property=\"og:image:width\" content=\"924\" \/>\n\t<meta property=\"og:image:height\" content=\"454\" \/>\n\t<meta property=\"og:image:type\" content=\"image\/png\" \/>\n<meta name=\"twitter:card\" content=\"summary_large_image\" \/>\n<script type=\"application\/ld+json\" class=\"yoast-schema-graph\">{\"@context\":\"https:\/\/schema.org\",\"@graph\":[{\"@type\":\"WebPage\",\"@id\":\"https:\/\/eryckveziau.com\/vendre-2\/programme-tranquili-t\/\",\"url\":\"https:\/\/eryckveziau.com\/vendre-2\/programme-tranquili-t\/\",\"name\":\"Programme Tranquili-TProgramme Tranquili-T | ERYCK V\u00c9ZIAU, COURTIER IMMOBILIER LAVAL, COURTIER IMMOBILIER STE-DOROTH\u00c9E, MAISON \u00c0 VENDRE LAVAL, AGENT IMMOBILIER STE-DOROTH\u00c9E\",\"isPartOf\":{\"@id\":\"https:\/\/eryckveziau.com\/en\/#website\"},\"datePublished\":\"2013-03-25T03:22:10+00:00\",\"dateModified\":\"2013-03-25T03:22:40+00:00\",\"breadcrumb\":{\"@id\":\"https:\/\/eryckveziau.com\/vendre-2\/programme-tranquili-t\/#breadcrumb\"},\"inLanguage\":\"en-US\",\"potentialAction\":[{\"@type\":\"ReadAction\",\"target\":[\"https:\/\/eryckveziau.com\/vendre-2\/programme-tranquili-t\/\"]}]},{\"@type\":\"BreadcrumbList\",\"@id\":\"https:\/\/eryckveziau.com\/vendre-2\/programme-tranquili-t\/#breadcrumb\",\"itemListElement\":[{\"@type\":\"ListItem\",\"position\":1,\"name\":\"Accueil\",\"item\":\"https:\/\/eryckveziau.com\/en\/\"},{\"@type\":\"ListItem\",\"position\":2,\"name\":\"Vendre\",\"item\":\"https:\/\/eryckveziau.com\/vendre-2\/\"},{\"@type\":\"ListItem\",\"position\":3,\"name\":\"Programme Tranquili-T\"}]},{\"@type\":\"WebSite\",\"@id\":\"https:\/\/eryckveziau.com\/en\/#website\",\"url\":\"https:\/\/eryckveziau.com\/en\/\",\"name\":\"ERYCK V\u00c9ZIAU, COURTIER IMMOBILIER LAVAL, COURTIER IMMOBILIER STE-DOROTH\u00c9E, MAISON \u00c0 VENDRE LAVAL, AGENT IMMOBILIER STE-DOROTH\u00c9E\",\"description\":\"\",\"publisher\":{\"@id\":\"https:\/\/eryckveziau.com\/en\/#organization\"},\"potentialAction\":[{\"@type\":\"SearchAction\",\"target\":{\"@type\":\"EntryPoint\",\"urlTemplate\":\"https:\/\/eryckveziau.com\/en\/?s={search_term_string}\"},\"query-input\":{\"@type\":\"PropertyValueSpecification\",\"valueRequired\":true,\"valueName\":\"search_term_string\"}}],\"inLanguage\":\"en-US\"},{\"@type\":\"Organization\",\"@id\":\"https:\/\/eryckveziau.com\/en\/#organization\",\"name\":\"Eryck V\u00e9ziau RE\/MAX\",\"url\":\"https:\/\/eryckveziau.com\/en\/\",\"logo\":{\"@type\":\"ImageObject\",\"inLanguage\":\"en-US\",\"@id\":\"https:\/\/eryckveziau.com\/en\/#\/schema\/logo\/image\/\",\"url\":\"https:\/\/eryckveziau.com\/files\/2022\/09\/PartageEveziau.png\",\"contentUrl\":\"https:\/\/eryckveziau.com\/files\/2022\/09\/PartageEveziau.png\",\"width\":924,\"height\":454,\"caption\":\"Eryck V\u00e9ziau RE\/MAX\"},\"image\":{\"@id\":\"https:\/\/eryckveziau.com\/en\/#\/schema\/logo\/image\/\"},\"sameAs\":[\"https:\/\/www.facebook.com\/EryckVeziau.courtier.immobilier.ReMax.Laval\",\"https:\/\/www.instagram.com\/eryck_veziau_remax\/\",\"https:\/\/www.linkedin.com\/in\/eryck-v\u00e9ziau-6a445134\/\",\"https:\/\/www.youtube.com\/user\/eveziau\"]}]}<\/script>\n<!-- \/ Yoast SEO plugin. -->","yoast_head_json":{"title":"Programme Tranquili-T | ERYCK V\u00c9ZIAU, COURTIER IMMOBILIER LAVAL, COURTIER IMMOBILIER STE-DOROTH\u00c9E, MAISON \u00c0 VENDRE LAVAL, AGENT IMMOBILIER STE-DOROTH\u00c9E","robots":{"index":"index","follow":"follow","max-snippet":"max-snippet:-1","max-image-preview":"max-image-preview:large","max-video-preview":"max-video-preview:-1"},"canonical":"https:\/\/eryckveziau.com\/vendre-2\/programme-tranquili-t\/","og_locale":"en_US","og_type":"article","og_title":"Programme Tranquili-T | ERYCK V\u00c9ZIAU, COURTIER IMMOBILIER LAVAL, COURTIER IMMOBILIER STE-DOROTH\u00c9E, MAISON \u00c0 VENDRE LAVAL, AGENT IMMOBILIER STE-DOROTH\u00c9E","og_url":"https:\/\/eryckveziau.com\/vendre-2\/programme-tranquili-t\/","og_site_name":"ERYCK V\u00c9ZIAU, COURTIER IMMOBILIER LAVAL, COURTIER IMMOBILIER STE-DOROTH\u00c9E, MAISON \u00c0 VENDRE LAVAL, AGENT IMMOBILIER STE-DOROTH\u00c9E","article_publisher":"https:\/\/www.facebook.com\/EryckVeziau.courtier.immobilier.ReMax.Laval","article_modified_time":"2013-03-25T03:22:40+00:00","og_image":[{"width":924,"height":454,"url":"https:\/\/eryckveziau.com\/files\/2022\/09\/PartageEveziau.png","type":"image\/png"}],"twitter_card":"summary_large_image","schema":{"@context":"https:\/\/schema.org","@graph":[{"@type":"WebPage","@id":"https:\/\/eryckveziau.com\/vendre-2\/programme-tranquili-t\/","url":"https:\/\/eryckveziau.com\/vendre-2\/programme-tranquili-t\/","name":"Programme Tranquili-TProgramme Tranquili-T | ERYCK V\u00c9ZIAU, COURTIER IMMOBILIER LAVAL, COURTIER IMMOBILIER STE-DOROTH\u00c9E, MAISON \u00c0 VENDRE LAVAL, AGENT IMMOBILIER STE-DOROTH\u00c9E","isPartOf":{"@id":"https:\/\/eryckveziau.com\/en\/#website"},"datePublished":"2013-03-25T03:22:10+00:00","dateModified":"2013-03-25T03:22:40+00:00","breadcrumb":{"@id":"https:\/\/eryckveziau.com\/vendre-2\/programme-tranquili-t\/#breadcrumb"},"inLanguage":"en-US","potentialAction":[{"@type":"ReadAction","target":["https:\/\/eryckveziau.com\/vendre-2\/programme-tranquili-t\/"]}]},{"@type":"BreadcrumbList","@id":"https:\/\/eryckveziau.com\/vendre-2\/programme-tranquili-t\/#breadcrumb","itemListElement":[{"@type":"ListItem","position":1,"name":"Accueil","item":"https:\/\/eryckveziau.com\/en\/"},{"@type":"ListItem","position":2,"name":"Vendre","item":"https:\/\/eryckveziau.com\/vendre-2\/"},{"@type":"ListItem","position":3,"name":"Programme Tranquili-T"}]},{"@type":"WebSite","@id":"https:\/\/eryckveziau.com\/en\/#website","url":"https:\/\/eryckveziau.com\/en\/","name":"ERYCK V\u00c9ZIAU, COURTIER IMMOBILIER LAVAL, COURTIER IMMOBILIER STE-DOROTH\u00c9E, MAISON \u00c0 VENDRE LAVAL, AGENT IMMOBILIER STE-DOROTH\u00c9E","description":"","publisher":{"@id":"https:\/\/eryckveziau.com\/en\/#organization"},"potentialAction":[{"@type":"SearchAction","target":{"@type":"EntryPoint","urlTemplate":"https:\/\/eryckveziau.com\/en\/?s={search_term_string}"},"query-input":{"@type":"PropertyValueSpecification","valueRequired":true,"valueName":"search_term_string"}}],"inLanguage":"en-US"},{"@type":"Organization","@id":"https:\/\/eryckveziau.com\/en\/#organization","name":"Eryck V\u00e9ziau RE\/MAX","url":"https:\/\/eryckveziau.com\/en\/","logo":{"@type":"ImageObject","inLanguage":"en-US","@id":"https:\/\/eryckveziau.com\/en\/#\/schema\/logo\/image\/","url":"https:\/\/eryckveziau.com\/files\/2022\/09\/PartageEveziau.png","contentUrl":"https:\/\/eryckveziau.com\/files\/2022\/09\/PartageEveziau.png","width":924,"height":454,"caption":"Eryck V\u00e9ziau RE\/MAX"},"image":{"@id":"https:\/\/eryckveziau.com\/en\/#\/schema\/logo\/image\/"},"sameAs":["https:\/\/www.facebook.com\/EryckVeziau.courtier.immobilier.ReMax.Laval","https:\/\/www.instagram.com\/eryck_veziau_remax\/","https:\/\/www.linkedin.com\/in\/eryck-v\u00e9ziau-6a445134\/","https:\/\/www.youtube.com\/user\/eveziau"]}]}},"_links":{"self":[{"href":"https:\/\/eryckveziau.com\/en\/wp-json\/wp\/v2\/pages\/722","targetHints":{"allow":["GET"]}}],"collection":[{"href":"https:\/\/eryckveziau.com\/en\/wp-json\/wp\/v2\/pages"}],"about":[{"href":"https:\/\/eryckveziau.com\/en\/wp-json\/wp\/v2\/types\/page"}],"author":[{"embeddable":true,"href":"https:\/\/eryckveziau.com\/en\/wp-json\/wp\/v2\/users\/285"}],"replies":[{"embeddable":true,"href":"https:\/\/eryckveziau.com\/en\/wp-json\/wp\/v2\/comments?post=722"}],"version-history":[{"count":2,"href":"https:\/\/eryckveziau.com\/en\/wp-json\/wp\/v2\/pages\/722\/revisions"}],"predecessor-version":[{"id":726,"href":"https:\/\/eryckveziau.com\/en\/wp-json\/wp\/v2\/pages\/722\/revisions\/726"}],"up":[{"embeddable":true,"href":"https:\/\/eryckveziau.com\/en\/wp-json\/wp\/v2\/pages\/15"}],"wp:attachment":[{"href":"https:\/\/eryckveziau.com\/en\/wp-json\/wp\/v2\/media?parent=722"}],"curies":[{"name":"wp","href":"https:\/\/api.w.org\/{rel}","templated":true}]}}

<!-- This site is optimized with the Yoast SEO plugin v26.7 - https://yoast.com/wordpress/plugins/seo/ -->
<title>Programme Tranquili-T | ERYCK VÉZIAU, COURTIER IMMOBILIER LAVAL, COURTIER IMMOBILIER STE-DOROTHÉE, MAISON À VENDRE LAVAL, AGENT IMMOBILIER STE-DOROTHÉE</title>
<meta name="robots" content="index, follow, max-snippet:-1, max-image-preview:large, max-video-preview:-1" />
<link rel="canonical" href="https://eryckveziau.com/vendre-2/programme-tranquili-t/" />
<meta property="og:locale" content="en_US" />
<meta property="og:type" content="article" />
<meta property="og:title" content="Programme Tranquili-T | ERYCK VÉZIAU, COURTIER IMMOBILIER LAVAL, COURTIER IMMOBILIER STE-DOROTHÉE, MAISON À VENDRE LAVAL, AGENT IMMOBILIER STE-DOROTHÉE" />
<meta property="og:url" content="https://eryckveziau.com/vendre-2/programme-tranquili-t/" />
<meta property="og:site_name" content="ERYCK VÉZIAU, COURTIER IMMOBILIER LAVAL, COURTIER IMMOBILIER STE-DOROTHÉE, MAISON À VENDRE LAVAL, AGENT IMMOBILIER STE-DOROTHÉE" />
<meta property="article:publisher" content="https://www.facebook.com/EryckVeziau.courtier.immobilier.ReMax.Laval" />
<meta property="article:modified_time" content="2013-03-25T03:22:40+00:00" />
<meta property="og:image" content="https://eryckveziau.com/files/2022/09/PartageEveziau.png" />
	<meta property="og:image:width" content="924" />
	<meta property="og:image:height" content="454" />
	<meta property="og:image:type" content="image/png" />
<meta name="twitter:card" content="summary_large_image" />
<script type="application/ld+json" class="yoast-schema-graph">{"@context":"https://schema.org","@graph":[{"@type":"WebPage","@id":"https://eryckveziau.com/vendre-2/programme-tranquili-t/","url":"https://eryckveziau.com/vendre-2/programme-tranquili-t/","name":"Programme Tranquili-TProgramme Tranquili-T | ERYCK VÉZIAU, COURTIER IMMOBILIER LAVAL, COURTIER IMMOBILIER STE-DOROTHÉE, MAISON À VENDRE LAVAL, AGENT IMMOBILIER STE-DOROTHÉE","isPartOf":{"@id":"https://eryckveziau.com/en/#website"},"datePublished":"2013-03-25T03:22:10+00:00","dateModified":"2013-03-25T03:22:40+00:00","breadcrumb":{"@id":"https://eryckveziau.com/vendre-2/programme-tranquili-t/#breadcrumb"},"inLanguage":"en-US","potentialAction":[{"@type":"ReadAction","target":["https://eryckveziau.com/vendre-2/programme-tranquili-t/"]}]},{"@type":"BreadcrumbList","@id":"https://eryckveziau.com/vendre-2/programme-tranquili-t/#breadcrumb","itemListElement":[{"@type":"ListItem","position":1,"name":"Accueil","item":"https://eryckveziau.com/en/"},{"@type":"ListItem","position":2,"name":"Vendre","item":"https://eryckveziau.com/vendre-2/"},{"@type":"ListItem","position":3,"name":"Programme Tranquili-T"}]},{"@type":"WebSite","@id":"https://eryckveziau.com/en/#website","url":"https://eryckveziau.com/en/","name":"ERYCK VÉZIAU, COURTIER IMMOBILIER LAVAL, COURTIER IMMOBILIER STE-DOROTHÉE, MAISON À VENDRE LAVAL, AGENT IMMOBILIER STE-DOROTHÉE","description":"","publisher":{"@id":"https://eryckveziau.com/en/#organization"},"potentialAction":[{"@type":"SearchAction","target":{"@type":"EntryPoint","urlTemplate":"https://eryckveziau.com/en/?s={search_term_string}"},"query-input":{"@type":"PropertyValueSpecification","valueRequired":true,"valueName":"search_term_string"}}],"inLanguage":"en-US"},{"@type":"Organization","@id":"https://eryckveziau.com/en/#organization","name":"Eryck Véziau RE/MAX","url":"https://eryckveziau.com/en/","logo":{"@type":"ImageObject","inLanguage":"en-US","@id":"https://eryckveziau.com/en/#/schema/logo/image/","url":"https://eryckveziau.com/files/2022/09/PartageEveziau.png","contentUrl":"https://eryckveziau.com/files/2022/09/PartageEveziau.png","width":924,"height":454,"caption":"Eryck Véziau RE/MAX"},"image":{"@id":"https://eryckveziau.com/en/#/schema/logo/image/"},"sameAs":["https://www.facebook.com/EryckVeziau.courtier.immobilier.ReMax.Laval","https://www.instagram.com/eryck_veziau_remax/","https://www.linkedin.com/in/eryck-véziau-6a445134/","https://www.youtube.com/user/eveziau"]}]}</script>
<!-- / Yoast SEO plugin. -->

Programme Tranquili-T | ERYCK VÉZIAU, COURTIER IMMOBILIER LAVAL, COURTIER IMMOBILIER STE-DOROTHÉE, MAISON À VENDRE LAVAL, AGENT IMMOBILIER STE-DOROTHÉE

ERYCK VÉZIAU, COURTIER IMMOBILIER LAVAL, COURTIER IMMOBILIER STE-DOROTHÉE, MAISON À VENDRE LAVAL, AGENT IMMOBILIER STE-DOROTHÉE

Programme Tranquili-TProgramme Tranquili-T | ERYCK VÉZIAU, COURTIER IMMOBILIER LAVAL, COURTIER IMMOBILIER STE-DOROTHÉE, MAISON À VENDRE LAVAL, AGENT IMMOBILIER STE-DOROTHÉE

Eryck Véziau RE/MAX

https://www.linkedin.com/in/eryck-véziau-6a445134/
