{"id":6315,"date":"2025-09-22T16:53:33","date_gmt":"2025-09-22T20:53:33","guid":{"rendered":"https:\/\/eryckveziau.com\/files\/2025\/09\/hypothecary-credit-149893_1280.png"},"modified":"2025-09-22T16:53:47","modified_gmt":"2025-09-22T20:53:47","slug":"hypothecary-credit-149893_1280","status":"inherit","type":"attachment","link":"https:\/\/eryckveziau.com\/en\/immobilier\/baisse-du-taux-directeur-quel-impact-sur-votre-hypotheque\/attachment\/hypothecary-credit-149893_1280\/","title":{"rendered":"hypothecary-credit-149893_1280"},"author":560,"featured_media":0,"comment_status":"closed","ping_status":"closed","template":"","meta":{"_acf_changed":false},"class_list":["post-6315","attachment","type-attachment","status-inherit","hentry"],"acf":[],"yoast_head":"<!-- This site is optimized with the Yoast SEO plugin v26.7 - https:\/\/yoast.com\/wordpress\/plugins\/seo\/ -->\n<title>hypothecary-credit-149893_1280 | ERYCK V\u00c9ZIAU, COURTIER IMMOBILIER LAVAL, COURTIER IMMOBILIER STE-DOROTH\u00c9E, MAISON \u00c0 VENDRE LAVAL, AGENT IMMOBILIER STE-DOROTH\u00c9E<\/title>\n<meta name=\"robots\" content=\"index, follow, max-snippet:-1, max-image-preview:large, max-video-preview:-1\" \/>\n<link rel=\"canonical\" href=\"https:\/\/eryckveziau.com\/files\/2025\/09\/hypothecary-credit-149893_1280.png\" \/>\n<meta property=\"og:locale\" content=\"en_US\" \/>\n<meta property=\"og:type\" content=\"article\" \/>\n<meta property=\"og:title\" content=\"hypothecary-credit-149893_1280 | ERYCK V\u00c9ZIAU, COURTIER IMMOBILIER LAVAL, COURTIER IMMOBILIER STE-DOROTH\u00c9E, MAISON \u00c0 VENDRE LAVAL, AGENT IMMOBILIER STE-DOROTH\u00c9E\" \/>\n<meta property=\"og:url\" content=\"https:\/\/eryckveziau.com\/files\/2025\/09\/hypothecary-credit-149893_1280.png\" \/>\n<meta property=\"og:site_name\" content=\"ERYCK V\u00c9ZIAU, COURTIER IMMOBILIER LAVAL, COURTIER IMMOBILIER STE-DOROTH\u00c9E, MAISON \u00c0 VENDRE LAVAL, AGENT IMMOBILIER STE-DOROTH\u00c9E\" \/>\n<meta property=\"article:publisher\" content=\"https:\/\/www.facebook.com\/EryckVeziau.courtier.immobilier.ReMax.Laval\" \/>\n<meta property=\"article:modified_time\" content=\"2025-09-22T20:53:47+00:00\" \/>\n<meta property=\"og:image\" content=\"https:\/\/eryckveziau.com\/files\/2025\/09\/hypothecary-credit-149893_1280.png\" \/>\n<meta name=\"twitter:card\" content=\"summary_large_image\" \/>\n<meta name=\"twitter:image\" content=\"https:\/\/eryckveziau.com\/files\/2025\/09\/hypothecary-credit-149893_1280.png\" \/>\n<script type=\"application\/ld+json\" class=\"yoast-schema-graph\">{\"@context\":\"https:\/\/schema.org\",\"@graph\":[{\"@type\":\"WebPage\",\"@id\":\"https:\/\/eryckveziau.com\/files\/2025\/09\/hypothecary-credit-149893_1280.png\",\"url\":\"https:\/\/eryckveziau.com\/files\/2025\/09\/hypothecary-credit-149893_1280.png\",\"name\":\"hypothecary-credit-149893_1280 | ERYCK V\u00c9ZIAU, COURTIER IMMOBILIER LAVAL, COURTIER IMMOBILIER STE-DOROTH\u00c9E, MAISON \u00c0 VENDRE LAVAL, AGENT IMMOBILIER STE-DOROTH\u00c9E\",\"isPartOf\":{\"@id\":\"https:\/\/eryckveziau.com\/en\/#website\"},\"datePublished\":\"2025-09-22T20:53:33+00:00\",\"dateModified\":\"2025-09-22T20:53:47+00:00\",\"breadcrumb\":{\"@id\":\"https:\/\/eryckveziau.com\/files\/2025\/09\/hypothecary-credit-149893_1280.png#breadcrumb\"},\"inLanguage\":\"en-US\",\"potentialAction\":[{\"@type\":\"ReadAction\",\"target\":[\"https:\/\/eryckveziau.com\/files\/2025\/09\/hypothecary-credit-149893_1280.png\"]}]},{\"@type\":\"BreadcrumbList\",\"@id\":\"https:\/\/eryckveziau.com\/files\/2025\/09\/hypothecary-credit-149893_1280.png#breadcrumb\",\"itemListElement\":[{\"@type\":\"ListItem\",\"position\":1,\"name\":\"Accueil\",\"item\":\"https:\/\/eryckveziau.com\/en\/\"},{\"@type\":\"ListItem\",\"position\":2,\"name\":\"Baisse du taux directeur : quel impact sur votre hypoth\u00e8que ?\",\"item\":\"https:\/\/eryckveziau.com\/en\/immobilier\/baisse-du-taux-directeur-quel-impact-sur-votre-hypotheque\/\"},{\"@type\":\"ListItem\",\"position\":3,\"name\":\"hypothecary-credit-149893_1280\"}]},{\"@type\":\"WebSite\",\"@id\":\"https:\/\/eryckveziau.com\/en\/#website\",\"url\":\"https:\/\/eryckveziau.com\/en\/\",\"name\":\"ERYCK V\u00c9ZIAU, COURTIER IMMOBILIER LAVAL, COURTIER IMMOBILIER STE-DOROTH\u00c9E, MAISON \u00c0 VENDRE LAVAL, AGENT IMMOBILIER STE-DOROTH\u00c9E\",\"description\":\"\",\"publisher\":{\"@id\":\"https:\/\/eryckveziau.com\/en\/#organization\"},\"potentialAction\":[{\"@type\":\"SearchAction\",\"target\":{\"@type\":\"EntryPoint\",\"urlTemplate\":\"https:\/\/eryckveziau.com\/en\/?s={search_term_string}\"},\"query-input\":{\"@type\":\"PropertyValueSpecification\",\"valueRequired\":true,\"valueName\":\"search_term_string\"}}],\"inLanguage\":\"en-US\"},{\"@type\":\"Organization\",\"@id\":\"https:\/\/eryckveziau.com\/en\/#organization\",\"name\":\"Eryck V\u00e9ziau RE\/MAX\",\"url\":\"https:\/\/eryckveziau.com\/en\/\",\"logo\":{\"@type\":\"ImageObject\",\"inLanguage\":\"en-US\",\"@id\":\"https:\/\/eryckveziau.com\/en\/#\/schema\/logo\/image\/\",\"url\":\"https:\/\/eryckveziau.com\/files\/2022\/09\/PartageEveziau.png\",\"contentUrl\":\"https:\/\/eryckveziau.com\/files\/2022\/09\/PartageEveziau.png\",\"width\":924,\"height\":454,\"caption\":\"Eryck V\u00e9ziau RE\/MAX\"},\"image\":{\"@id\":\"https:\/\/eryckveziau.com\/en\/#\/schema\/logo\/image\/\"},\"sameAs\":[\"https:\/\/www.facebook.com\/EryckVeziau.courtier.immobilier.ReMax.Laval\",\"https:\/\/www.instagram.com\/eryck_veziau_remax\/\",\"https:\/\/www.linkedin.com\/in\/eryck-v\u00e9ziau-6a445134\/\",\"https:\/\/www.youtube.com\/user\/eveziau\"]}]}<\/script>\n<!-- \/ Yoast SEO plugin. -->","yoast_head_json":{"title":"hypothecary-credit-149893_1280 | ERYCK V\u00c9ZIAU, COURTIER IMMOBILIER LAVAL, COURTIER IMMOBILIER STE-DOROTH\u00c9E, MAISON \u00c0 VENDRE LAVAL, AGENT IMMOBILIER STE-DOROTH\u00c9E","robots":{"index":"index","follow":"follow","max-snippet":"max-snippet:-1","max-image-preview":"max-image-preview:large","max-video-preview":"max-video-preview:-1"},"canonical":"https:\/\/eryckveziau.com\/files\/2025\/09\/hypothecary-credit-149893_1280.png","og_locale":"en_US","og_type":"article","og_title":"hypothecary-credit-149893_1280 | ERYCK V\u00c9ZIAU, COURTIER IMMOBILIER LAVAL, COURTIER IMMOBILIER STE-DOROTH\u00c9E, MAISON \u00c0 VENDRE LAVAL, AGENT IMMOBILIER STE-DOROTH\u00c9E","og_url":"https:\/\/eryckveziau.com\/files\/2025\/09\/hypothecary-credit-149893_1280.png","og_site_name":"ERYCK V\u00c9ZIAU, COURTIER IMMOBILIER LAVAL, COURTIER IMMOBILIER STE-DOROTH\u00c9E, MAISON \u00c0 VENDRE LAVAL, AGENT IMMOBILIER STE-DOROTH\u00c9E","article_publisher":"https:\/\/www.facebook.com\/EryckVeziau.courtier.immobilier.ReMax.Laval","article_modified_time":"2025-09-22T20:53:47+00:00","og_image":[{"url":"https:\/\/eryckveziau.com\/files\/2025\/09\/hypothecary-credit-149893_1280.png","type":"","width":"","height":""}],"twitter_card":"summary_large_image","twitter_image":"https:\/\/eryckveziau.com\/files\/2025\/09\/hypothecary-credit-149893_1280.png","schema":{"@context":"https:\/\/schema.org","@graph":[{"@type":"WebPage","@id":"https:\/\/eryckveziau.com\/files\/2025\/09\/hypothecary-credit-149893_1280.png","url":"https:\/\/eryckveziau.com\/files\/2025\/09\/hypothecary-credit-149893_1280.png","name":"hypothecary-credit-149893_1280 | ERYCK V\u00c9ZIAU, COURTIER IMMOBILIER LAVAL, COURTIER IMMOBILIER STE-DOROTH\u00c9E, MAISON \u00c0 VENDRE LAVAL, AGENT IMMOBILIER STE-DOROTH\u00c9E","isPartOf":{"@id":"https:\/\/eryckveziau.com\/en\/#website"},"datePublished":"2025-09-22T20:53:33+00:00","dateModified":"2025-09-22T20:53:47+00:00","breadcrumb":{"@id":"https:\/\/eryckveziau.com\/files\/2025\/09\/hypothecary-credit-149893_1280.png#breadcrumb"},"inLanguage":"en-US","potentialAction":[{"@type":"ReadAction","target":["https:\/\/eryckveziau.com\/files\/2025\/09\/hypothecary-credit-149893_1280.png"]}]},{"@type":"BreadcrumbList","@id":"https:\/\/eryckveziau.com\/files\/2025\/09\/hypothecary-credit-149893_1280.png#breadcrumb","itemListElement":[{"@type":"ListItem","position":1,"name":"Accueil","item":"https:\/\/eryckveziau.com\/en\/"},{"@type":"ListItem","position":2,"name":"Baisse du taux directeur : quel impact sur votre hypoth\u00e8que ?","item":"https:\/\/eryckveziau.com\/en\/immobilier\/baisse-du-taux-directeur-quel-impact-sur-votre-hypotheque\/"},{"@type":"ListItem","position":3,"name":"hypothecary-credit-149893_1280"}]},{"@type":"WebSite","@id":"https:\/\/eryckveziau.com\/en\/#website","url":"https:\/\/eryckveziau.com\/en\/","name":"ERYCK V\u00c9ZIAU, COURTIER IMMOBILIER LAVAL, COURTIER IMMOBILIER STE-DOROTH\u00c9E, MAISON \u00c0 VENDRE LAVAL, AGENT IMMOBILIER STE-DOROTH\u00c9E","description":"","publisher":{"@id":"https:\/\/eryckveziau.com\/en\/#organization"},"potentialAction":[{"@type":"SearchAction","target":{"@type":"EntryPoint","urlTemplate":"https:\/\/eryckveziau.com\/en\/?s={search_term_string}"},"query-input":{"@type":"PropertyValueSpecification","valueRequired":true,"valueName":"search_term_string"}}],"inLanguage":"en-US"},{"@type":"Organization","@id":"https:\/\/eryckveziau.com\/en\/#organization","name":"Eryck V\u00e9ziau RE\/MAX","url":"https:\/\/eryckveziau.com\/en\/","logo":{"@type":"ImageObject","inLanguage":"en-US","@id":"https:\/\/eryckveziau.com\/en\/#\/schema\/logo\/image\/","url":"https:\/\/eryckveziau.com\/files\/2022\/09\/PartageEveziau.png","contentUrl":"https:\/\/eryckveziau.com\/files\/2022\/09\/PartageEveziau.png","width":924,"height":454,"caption":"Eryck V\u00e9ziau RE\/MAX"},"image":{"@id":"https:\/\/eryckveziau.com\/en\/#\/schema\/logo\/image\/"},"sameAs":["https:\/\/www.facebook.com\/EryckVeziau.courtier.immobilier.ReMax.Laval","https:\/\/www.instagram.com\/eryck_veziau_remax\/","https:\/\/www.linkedin.com\/in\/eryck-v\u00e9ziau-6a445134\/","https:\/\/www.youtube.com\/user\/eveziau"]}]}},"description":{"rendered":"<p class=\"attachment\"><a href='https:\/\/eryckveziau.com\/files\/2025\/09\/hypothecary-credit-149893_1280.png'><img loading=\"lazy\" decoding=\"async\" width=\"283\" height=\"300\" src=\"https:\/\/eryckveziau.com\/files\/2025\/09\/hypothecary-credit-149893_1280-283x300.png\" class=\"attachment-medium size-medium\" alt=\"taux d&#039;int\u00e9r\u00eat\" srcset=\"https:\/\/eryckveziau.com\/files\/2025\/09\/hypothecary-credit-149893_1280-283x300.png 283w, https:\/\/eryckveziau.com\/files\/2025\/09\/hypothecary-credit-149893_1280-966x1024.png 966w, https:\/\/eryckveziau.com\/files\/2025\/09\/hypothecary-credit-149893_1280-768x814.png 768w, https:\/\/eryckveziau.com\/files\/2025\/09\/hypothecary-credit-149893_1280.png 1207w\" sizes=\"auto, (max-width: 283px) 100vw, 283px\" \/><\/a><\/p>\n"},"caption":{"rendered":""},"alt_text":"taux d'int\u00e9r\u00eat","media_type":"image","mime_type":"image\/png","media_details":{"width":1207,"height":1280,"file":"2025\/09\/hypothecary-credit-149893_1280.png","sizes":{"medium":{"file":"hypothecary-credit-149893_1280-283x300.png","width":283,"height":300,"mime_type":"image\/png","source_url":"https:\/\/eryckveziau.com\/files\/2025\/09\/hypothecary-credit-149893_1280-283x300.png"},"large":{"file":"hypothecary-credit-149893_1280-966x1024.png","width":966,"height":1024,"mime_type":"image\/png","source_url":"https:\/\/eryckveziau.com\/files\/2025\/09\/hypothecary-credit-149893_1280-966x1024.png"},"thumbnail":{"file":"hypothecary-credit-149893_1280-150x150.png","width":150,"height":150,"mime_type":"image\/png","source_url":"https:\/\/eryckveziau.com\/files\/2025\/09\/hypothecary-credit-149893_1280-150x150.png"},"medium_large":{"file":"hypothecary-credit-149893_1280-768x814.png","width":768,"height":814,"mime_type":"image\/png","source_url":"https:\/\/eryckveziau.com\/files\/2025\/09\/hypothecary-credit-149893_1280-768x814.png"},"full":{"file":"hypothecary-credit-149893_1280.png","width":1207,"height":1280,"mime_type":"image\/png","source_url":"https:\/\/eryckveziau.com\/files\/2025\/09\/hypothecary-credit-149893_1280.png"}},"image_meta":{"aperture":"0","credit":"","camera":"","caption":"","created_timestamp":"0","copyright":"","focal_length":"0","iso":"0","shutter_speed":"0","title":"","orientation":"0","keywords":[]}},"post":6314,"source_url":"https:\/\/eryckveziau.com\/files\/2025\/09\/hypothecary-credit-149893_1280.png","_links":{"self":[{"href":"https:\/\/eryckveziau.com\/en\/wp-json\/wp\/v2\/media\/6315","targetHints":{"allow":["GET"]}}],"collection":[{"href":"https:\/\/eryckveziau.com\/en\/wp-json\/wp\/v2\/media"}],"about":[{"href":"https:\/\/eryckveziau.com\/en\/wp-json\/wp\/v2\/types\/attachment"}],"author":[{"embeddable":true,"href":"https:\/\/eryckveziau.com\/en\/wp-json\/wp\/v2\/users\/560"}],"replies":[{"embeddable":true,"href":"https:\/\/eryckveziau.com\/en\/wp-json\/wp\/v2\/comments?post=6315"}],"wp:attached-to":[{"embeddable":true,"post_type":"post","id":6314,"href":"https:\/\/eryckveziau.com\/en\/wp-json\/wp\/v2\/posts\/6314"}],"curies":[{"name":"wp","href":"https:\/\/api.w.org\/{rel}","templated":true}]}}

<!-- This site is optimized with the Yoast SEO plugin v26.7 - https://yoast.com/wordpress/plugins/seo/ -->
<title>hypothecary-credit-149893_1280 | ERYCK VÉZIAU, COURTIER IMMOBILIER LAVAL, COURTIER IMMOBILIER STE-DOROTHÉE, MAISON À VENDRE LAVAL, AGENT IMMOBILIER STE-DOROTHÉE</title>
<meta name="robots" content="index, follow, max-snippet:-1, max-image-preview:large, max-video-preview:-1" />
<link rel="canonical" href="https://eryckveziau.com/files/2025/09/hypothecary-credit-149893_1280.png" />
<meta property="og:locale" content="en_US" />
<meta property="og:type" content="article" />
<meta property="og:title" content="hypothecary-credit-149893_1280 | ERYCK VÉZIAU, COURTIER IMMOBILIER LAVAL, COURTIER IMMOBILIER STE-DOROTHÉE, MAISON À VENDRE LAVAL, AGENT IMMOBILIER STE-DOROTHÉE" />
<meta property="og:url" content="https://eryckveziau.com/files/2025/09/hypothecary-credit-149893_1280.png" />
<meta property="og:site_name" content="ERYCK VÉZIAU, COURTIER IMMOBILIER LAVAL, COURTIER IMMOBILIER STE-DOROTHÉE, MAISON À VENDRE LAVAL, AGENT IMMOBILIER STE-DOROTHÉE" />
<meta property="article:publisher" content="https://www.facebook.com/EryckVeziau.courtier.immobilier.ReMax.Laval" />
<meta property="article:modified_time" content="2025-09-22T20:53:47+00:00" />
<meta property="og:image" content="https://eryckveziau.com/files/2025/09/hypothecary-credit-149893_1280.png" />
<meta name="twitter:card" content="summary_large_image" />
<meta name="twitter:image" content="https://eryckveziau.com/files/2025/09/hypothecary-credit-149893_1280.png" />
<script type="application/ld+json" class="yoast-schema-graph">{"@context":"https://schema.org","@graph":[{"@type":"WebPage","@id":"https://eryckveziau.com/files/2025/09/hypothecary-credit-149893_1280.png","url":"https://eryckveziau.com/files/2025/09/hypothecary-credit-149893_1280.png","name":"hypothecary-credit-149893_1280 | ERYCK VÉZIAU, COURTIER IMMOBILIER LAVAL, COURTIER IMMOBILIER STE-DOROTHÉE, MAISON À VENDRE LAVAL, AGENT IMMOBILIER STE-DOROTHÉE","isPartOf":{"@id":"https://eryckveziau.com/en/#website"},"datePublished":"2025-09-22T20:53:33+00:00","dateModified":"2025-09-22T20:53:47+00:00","breadcrumb":{"@id":"https://eryckveziau.com/files/2025/09/hypothecary-credit-149893_1280.png#breadcrumb"},"inLanguage":"en-US","potentialAction":[{"@type":"ReadAction","target":["https://eryckveziau.com/files/2025/09/hypothecary-credit-149893_1280.png"]}]},{"@type":"BreadcrumbList","@id":"https://eryckveziau.com/files/2025/09/hypothecary-credit-149893_1280.png#breadcrumb","itemListElement":[{"@type":"ListItem","position":1,"name":"Accueil","item":"https://eryckveziau.com/en/"},{"@type":"ListItem","position":2,"name":"Baisse du taux directeur : quel impact sur votre hypothèque ?","item":"https://eryckveziau.com/en/immobilier/baisse-du-taux-directeur-quel-impact-sur-votre-hypotheque/"},{"@type":"ListItem","position":3,"name":"hypothecary-credit-149893_1280"}]},{"@type":"WebSite","@id":"https://eryckveziau.com/en/#website","url":"https://eryckveziau.com/en/","name":"ERYCK VÉZIAU, COURTIER IMMOBILIER LAVAL, COURTIER IMMOBILIER STE-DOROTHÉE, MAISON À VENDRE LAVAL, AGENT IMMOBILIER STE-DOROTHÉE","description":"","publisher":{"@id":"https://eryckveziau.com/en/#organization"},"potentialAction":[{"@type":"SearchAction","target":{"@type":"EntryPoint","urlTemplate":"https://eryckveziau.com/en/?s={search_term_string}"},"query-input":{"@type":"PropertyValueSpecification","valueRequired":true,"valueName":"search_term_string"}}],"inLanguage":"en-US"},{"@type":"Organization","@id":"https://eryckveziau.com/en/#organization","name":"Eryck Véziau RE/MAX","url":"https://eryckveziau.com/en/","logo":{"@type":"ImageObject","inLanguage":"en-US","@id":"https://eryckveziau.com/en/#/schema/logo/image/","url":"https://eryckveziau.com/files/2022/09/PartageEveziau.png","contentUrl":"https://eryckveziau.com/files/2022/09/PartageEveziau.png","width":924,"height":454,"caption":"Eryck Véziau RE/MAX"},"image":{"@id":"https://eryckveziau.com/en/#/schema/logo/image/"},"sameAs":["https://www.facebook.com/EryckVeziau.courtier.immobilier.ReMax.Laval","https://www.instagram.com/eryck_veziau_remax/","https://www.linkedin.com/in/eryck-véziau-6a445134/","https://www.youtube.com/user/eveziau"]}]}</script>
<!-- / Yoast SEO plugin. -->

hypothecary-credit-149893_1280 | ERYCK VÉZIAU, COURTIER IMMOBILIER LAVAL, COURTIER IMMOBILIER STE-DOROTHÉE, MAISON À VENDRE LAVAL, AGENT IMMOBILIER STE-DOROTHÉE

ERYCK VÉZIAU, COURTIER IMMOBILIER LAVAL, COURTIER IMMOBILIER STE-DOROTHÉE, MAISON À VENDRE LAVAL, AGENT IMMOBILIER STE-DOROTHÉE

Baisse du taux directeur : quel impact sur votre hypothèque ?

Eryck Véziau RE/MAX

https://www.linkedin.com/in/eryck-véziau-6a445134/

<p class="attachment"><a href='https://eryckveziau.com/files/2025/09/hypothecary-credit-149893_1280.png'><img loading="lazy" decoding="async" width="283" height="300" src="https://eryckveziau.com/files/2025/09/hypothecary-credit-149893_1280-283x300.png" class="attachment-medium size-medium" alt="taux d&#039;intérêt" srcset="https://eryckveziau.com/files/2025/09/hypothecary-credit-149893_1280-283x300.png 283w, https://eryckveziau.com/files/2025/09/hypothecary-credit-149893_1280-966x1024.png 966w, https://eryckveziau.com/files/2025/09/hypothecary-credit-149893_1280-768x814.png 768w, https://eryckveziau.com/files/2025/09/hypothecary-credit-149893_1280.png 1207w" sizes="auto, (max-width: 283px) 100vw, 283px" /></a></p>

taux d'intérêt
