{"id":6228,"date":"2025-04-22T13:53:21","date_gmt":"2025-04-22T17:53:21","guid":{"rendered":"https:\/\/eryckveziau.com\/files\/2025\/04\/sea-2022234_1280.jpg"},"modified":"2025-04-22T13:53:26","modified_gmt":"2025-04-22T17:53:26","slug":"sea-2022234_1280","status":"inherit","type":"attachment","link":"https:\/\/eryckveziau.com\/en\/achat-propriete\/voici-les-8-villes-du-quebec-ou-les-ventes-de-maisons-explosent-en-2025\/attachment\/sea-2022234_1280\/","title":{"rendered":"sea-2022234_1280"},"author":560,"featured_media":0,"comment_status":"closed","ping_status":"closed","template":"","meta":{"_acf_changed":false},"class_list":["post-6228","attachment","type-attachment","status-inherit","hentry"],"acf":[],"yoast_head":"<!-- This site is optimized with the Yoast SEO plugin v26.7 - https:\/\/yoast.com\/wordpress\/plugins\/seo\/ -->\n<title>sea-2022234_1280 | ERYCK V\u00c9ZIAU, COURTIER IMMOBILIER LAVAL, COURTIER IMMOBILIER STE-DOROTH\u00c9E, MAISON \u00c0 VENDRE LAVAL, AGENT IMMOBILIER STE-DOROTH\u00c9E<\/title>\n<meta name=\"robots\" content=\"index, follow, max-snippet:-1, max-image-preview:large, max-video-preview:-1\" \/>\n<link rel=\"canonical\" href=\"https:\/\/eryckveziau.com\/files\/2025\/04\/sea-2022234_1280.jpg\" \/>\n<meta property=\"og:locale\" content=\"en_US\" \/>\n<meta property=\"og:type\" content=\"article\" \/>\n<meta property=\"og:title\" content=\"sea-2022234_1280 | ERYCK V\u00c9ZIAU, COURTIER IMMOBILIER LAVAL, COURTIER IMMOBILIER STE-DOROTH\u00c9E, MAISON \u00c0 VENDRE LAVAL, AGENT IMMOBILIER STE-DOROTH\u00c9E\" \/>\n<meta property=\"og:url\" content=\"https:\/\/eryckveziau.com\/files\/2025\/04\/sea-2022234_1280.jpg\" \/>\n<meta property=\"og:site_name\" content=\"ERYCK V\u00c9ZIAU, COURTIER IMMOBILIER LAVAL, COURTIER IMMOBILIER STE-DOROTH\u00c9E, MAISON \u00c0 VENDRE LAVAL, AGENT IMMOBILIER STE-DOROTH\u00c9E\" \/>\n<meta property=\"article:publisher\" content=\"https:\/\/www.facebook.com\/EryckVeziau.courtier.immobilier.ReMax.Laval\" \/>\n<meta property=\"article:modified_time\" content=\"2025-04-22T17:53:26+00:00\" \/>\n<meta property=\"og:image\" content=\"https:\/\/eryckveziau.com\/files\/2025\/04\/sea-2022234_1280.jpg\" \/>\n<meta name=\"twitter:card\" content=\"summary_large_image\" \/>\n<meta name=\"twitter:image\" content=\"https:\/\/eryckveziau.com\/files\/2025\/04\/sea-2022234_1280.jpg\" \/>\n<script type=\"application\/ld+json\" class=\"yoast-schema-graph\">{\"@context\":\"https:\/\/schema.org\",\"@graph\":[{\"@type\":\"WebPage\",\"@id\":\"https:\/\/eryckveziau.com\/files\/2025\/04\/sea-2022234_1280.jpg\",\"url\":\"https:\/\/eryckveziau.com\/files\/2025\/04\/sea-2022234_1280.jpg\",\"name\":\"sea-2022234_1280 | ERYCK V\u00c9ZIAU, COURTIER IMMOBILIER LAVAL, COURTIER IMMOBILIER STE-DOROTH\u00c9E, MAISON \u00c0 VENDRE LAVAL, AGENT IMMOBILIER STE-DOROTH\u00c9E\",\"isPartOf\":{\"@id\":\"https:\/\/eryckveziau.com\/en\/#website\"},\"datePublished\":\"2025-04-22T17:53:21+00:00\",\"dateModified\":\"2025-04-22T17:53:26+00:00\",\"breadcrumb\":{\"@id\":\"https:\/\/eryckveziau.com\/files\/2025\/04\/sea-2022234_1280.jpg#breadcrumb\"},\"inLanguage\":\"en-US\",\"potentialAction\":[{\"@type\":\"ReadAction\",\"target\":[\"https:\/\/eryckveziau.com\/files\/2025\/04\/sea-2022234_1280.jpg\"]}]},{\"@type\":\"BreadcrumbList\",\"@id\":\"https:\/\/eryckveziau.com\/files\/2025\/04\/sea-2022234_1280.jpg#breadcrumb\",\"itemListElement\":[{\"@type\":\"ListItem\",\"position\":1,\"name\":\"Accueil\",\"item\":\"https:\/\/eryckveziau.com\/en\/\"},{\"@type\":\"ListItem\",\"position\":2,\"name\":\"Voici les 8 villes du Qu\u00e9bec o\u00f9 les ventes de maisons explosent en 2025\",\"item\":\"https:\/\/eryckveziau.com\/en\/achat-propriete\/voici-les-8-villes-du-quebec-ou-les-ventes-de-maisons-explosent-en-2025\/\"},{\"@type\":\"ListItem\",\"position\":3,\"name\":\"sea-2022234_1280\"}]},{\"@type\":\"WebSite\",\"@id\":\"https:\/\/eryckveziau.com\/en\/#website\",\"url\":\"https:\/\/eryckveziau.com\/en\/\",\"name\":\"ERYCK V\u00c9ZIAU, COURTIER IMMOBILIER LAVAL, COURTIER IMMOBILIER STE-DOROTH\u00c9E, MAISON \u00c0 VENDRE LAVAL, AGENT IMMOBILIER STE-DOROTH\u00c9E\",\"description\":\"\",\"publisher\":{\"@id\":\"https:\/\/eryckveziau.com\/en\/#organization\"},\"potentialAction\":[{\"@type\":\"SearchAction\",\"target\":{\"@type\":\"EntryPoint\",\"urlTemplate\":\"https:\/\/eryckveziau.com\/en\/?s={search_term_string}\"},\"query-input\":{\"@type\":\"PropertyValueSpecification\",\"valueRequired\":true,\"valueName\":\"search_term_string\"}}],\"inLanguage\":\"en-US\"},{\"@type\":\"Organization\",\"@id\":\"https:\/\/eryckveziau.com\/en\/#organization\",\"name\":\"Eryck V\u00e9ziau RE\/MAX\",\"url\":\"https:\/\/eryckveziau.com\/en\/\",\"logo\":{\"@type\":\"ImageObject\",\"inLanguage\":\"en-US\",\"@id\":\"https:\/\/eryckveziau.com\/en\/#\/schema\/logo\/image\/\",\"url\":\"https:\/\/eryckveziau.com\/files\/2022\/09\/PartageEveziau.png\",\"contentUrl\":\"https:\/\/eryckveziau.com\/files\/2022\/09\/PartageEveziau.png\",\"width\":924,\"height\":454,\"caption\":\"Eryck V\u00e9ziau RE\/MAX\"},\"image\":{\"@id\":\"https:\/\/eryckveziau.com\/en\/#\/schema\/logo\/image\/\"},\"sameAs\":[\"https:\/\/www.facebook.com\/EryckVeziau.courtier.immobilier.ReMax.Laval\",\"https:\/\/www.instagram.com\/eryck_veziau_remax\/\",\"https:\/\/www.linkedin.com\/in\/eryck-v\u00e9ziau-6a445134\/\",\"https:\/\/www.youtube.com\/user\/eveziau\"]}]}<\/script>\n<!-- \/ Yoast SEO plugin. -->","yoast_head_json":{"title":"sea-2022234_1280 | ERYCK V\u00c9ZIAU, COURTIER IMMOBILIER LAVAL, COURTIER IMMOBILIER STE-DOROTH\u00c9E, MAISON \u00c0 VENDRE LAVAL, AGENT IMMOBILIER STE-DOROTH\u00c9E","robots":{"index":"index","follow":"follow","max-snippet":"max-snippet:-1","max-image-preview":"max-image-preview:large","max-video-preview":"max-video-preview:-1"},"canonical":"https:\/\/eryckveziau.com\/files\/2025\/04\/sea-2022234_1280.jpg","og_locale":"en_US","og_type":"article","og_title":"sea-2022234_1280 | ERYCK V\u00c9ZIAU, COURTIER IMMOBILIER LAVAL, COURTIER IMMOBILIER STE-DOROTH\u00c9E, MAISON \u00c0 VENDRE LAVAL, AGENT IMMOBILIER STE-DOROTH\u00c9E","og_url":"https:\/\/eryckveziau.com\/files\/2025\/04\/sea-2022234_1280.jpg","og_site_name":"ERYCK V\u00c9ZIAU, COURTIER IMMOBILIER LAVAL, COURTIER IMMOBILIER STE-DOROTH\u00c9E, MAISON \u00c0 VENDRE LAVAL, AGENT IMMOBILIER STE-DOROTH\u00c9E","article_publisher":"https:\/\/www.facebook.com\/EryckVeziau.courtier.immobilier.ReMax.Laval","article_modified_time":"2025-04-22T17:53:26+00:00","og_image":[{"url":"https:\/\/eryckveziau.com\/files\/2025\/04\/sea-2022234_1280.jpg","type":"","width":"","height":""}],"twitter_card":"summary_large_image","twitter_image":"https:\/\/eryckveziau.com\/files\/2025\/04\/sea-2022234_1280.jpg","schema":{"@context":"https:\/\/schema.org","@graph":[{"@type":"WebPage","@id":"https:\/\/eryckveziau.com\/files\/2025\/04\/sea-2022234_1280.jpg","url":"https:\/\/eryckveziau.com\/files\/2025\/04\/sea-2022234_1280.jpg","name":"sea-2022234_1280 | ERYCK V\u00c9ZIAU, COURTIER IMMOBILIER LAVAL, COURTIER IMMOBILIER STE-DOROTH\u00c9E, MAISON \u00c0 VENDRE LAVAL, AGENT IMMOBILIER STE-DOROTH\u00c9E","isPartOf":{"@id":"https:\/\/eryckveziau.com\/en\/#website"},"datePublished":"2025-04-22T17:53:21+00:00","dateModified":"2025-04-22T17:53:26+00:00","breadcrumb":{"@id":"https:\/\/eryckveziau.com\/files\/2025\/04\/sea-2022234_1280.jpg#breadcrumb"},"inLanguage":"en-US","potentialAction":[{"@type":"ReadAction","target":["https:\/\/eryckveziau.com\/files\/2025\/04\/sea-2022234_1280.jpg"]}]},{"@type":"BreadcrumbList","@id":"https:\/\/eryckveziau.com\/files\/2025\/04\/sea-2022234_1280.jpg#breadcrumb","itemListElement":[{"@type":"ListItem","position":1,"name":"Accueil","item":"https:\/\/eryckveziau.com\/en\/"},{"@type":"ListItem","position":2,"name":"Voici les 8 villes du Qu\u00e9bec o\u00f9 les ventes de maisons explosent en 2025","item":"https:\/\/eryckveziau.com\/en\/achat-propriete\/voici-les-8-villes-du-quebec-ou-les-ventes-de-maisons-explosent-en-2025\/"},{"@type":"ListItem","position":3,"name":"sea-2022234_1280"}]},{"@type":"WebSite","@id":"https:\/\/eryckveziau.com\/en\/#website","url":"https:\/\/eryckveziau.com\/en\/","name":"ERYCK V\u00c9ZIAU, COURTIER IMMOBILIER LAVAL, COURTIER IMMOBILIER STE-DOROTH\u00c9E, MAISON \u00c0 VENDRE LAVAL, AGENT IMMOBILIER STE-DOROTH\u00c9E","description":"","publisher":{"@id":"https:\/\/eryckveziau.com\/en\/#organization"},"potentialAction":[{"@type":"SearchAction","target":{"@type":"EntryPoint","urlTemplate":"https:\/\/eryckveziau.com\/en\/?s={search_term_string}"},"query-input":{"@type":"PropertyValueSpecification","valueRequired":true,"valueName":"search_term_string"}}],"inLanguage":"en-US"},{"@type":"Organization","@id":"https:\/\/eryckveziau.com\/en\/#organization","name":"Eryck V\u00e9ziau RE\/MAX","url":"https:\/\/eryckveziau.com\/en\/","logo":{"@type":"ImageObject","inLanguage":"en-US","@id":"https:\/\/eryckveziau.com\/en\/#\/schema\/logo\/image\/","url":"https:\/\/eryckveziau.com\/files\/2022\/09\/PartageEveziau.png","contentUrl":"https:\/\/eryckveziau.com\/files\/2022\/09\/PartageEveziau.png","width":924,"height":454,"caption":"Eryck V\u00e9ziau RE\/MAX"},"image":{"@id":"https:\/\/eryckveziau.com\/en\/#\/schema\/logo\/image\/"},"sameAs":["https:\/\/www.facebook.com\/EryckVeziau.courtier.immobilier.ReMax.Laval","https:\/\/www.instagram.com\/eryck_veziau_remax\/","https:\/\/www.linkedin.com\/in\/eryck-v\u00e9ziau-6a445134\/","https:\/\/www.youtube.com\/user\/eveziau"]}]}},"description":{"rendered":"<p class=\"attachment\"><a href='https:\/\/eryckveziau.com\/files\/2025\/04\/sea-2022234_1280.jpg'><img loading=\"lazy\" decoding=\"async\" width=\"300\" height=\"225\" src=\"https:\/\/eryckveziau.com\/files\/2025\/04\/sea-2022234_1280-300x225.jpg\" class=\"attachment-medium size-medium\" alt=\"Matane\" srcset=\"https:\/\/eryckveziau.com\/files\/2025\/04\/sea-2022234_1280-300x225.jpg 300w, https:\/\/eryckveziau.com\/files\/2025\/04\/sea-2022234_1280-1024x768.jpg 1024w, https:\/\/eryckveziau.com\/files\/2025\/04\/sea-2022234_1280-768x576.jpg 768w, https:\/\/eryckveziau.com\/files\/2025\/04\/sea-2022234_1280.jpg 1280w\" sizes=\"auto, (max-width: 300px) 100vw, 300px\" \/><\/a><\/p>\n"},"caption":{"rendered":""},"alt_text":"Matane","media_type":"image","mime_type":"image\/jpeg","media_details":{"width":1280,"height":960,"file":"2025\/04\/sea-2022234_1280.jpg","sizes":{"medium":{"file":"sea-2022234_1280-300x225.jpg","width":300,"height":225,"mime_type":"image\/jpeg","source_url":"https:\/\/eryckveziau.com\/files\/2025\/04\/sea-2022234_1280-300x225.jpg"},"large":{"file":"sea-2022234_1280-1024x768.jpg","width":1024,"height":768,"mime_type":"image\/jpeg","source_url":"https:\/\/eryckveziau.com\/files\/2025\/04\/sea-2022234_1280-1024x768.jpg"},"thumbnail":{"file":"sea-2022234_1280-150x150.jpg","width":150,"height":150,"mime_type":"image\/jpeg","source_url":"https:\/\/eryckveziau.com\/files\/2025\/04\/sea-2022234_1280-150x150.jpg"},"medium_large":{"file":"sea-2022234_1280-768x576.jpg","width":768,"height":576,"mime_type":"image\/jpeg","source_url":"https:\/\/eryckveziau.com\/files\/2025\/04\/sea-2022234_1280-768x576.jpg"},"full":{"file":"sea-2022234_1280.jpg","width":1280,"height":960,"mime_type":"image\/jpeg","source_url":"https:\/\/eryckveziau.com\/files\/2025\/04\/sea-2022234_1280.jpg"}},"image_meta":{"aperture":"0","credit":"","camera":"","caption":"","created_timestamp":"0","copyright":"","focal_length":"0","iso":"0","shutter_speed":"0","title":"","orientation":"0","keywords":[]}},"post":6227,"source_url":"https:\/\/eryckveziau.com\/files\/2025\/04\/sea-2022234_1280.jpg","_links":{"self":[{"href":"https:\/\/eryckveziau.com\/en\/wp-json\/wp\/v2\/media\/6228","targetHints":{"allow":["GET"]}}],"collection":[{"href":"https:\/\/eryckveziau.com\/en\/wp-json\/wp\/v2\/media"}],"about":[{"href":"https:\/\/eryckveziau.com\/en\/wp-json\/wp\/v2\/types\/attachment"}],"author":[{"embeddable":true,"href":"https:\/\/eryckveziau.com\/en\/wp-json\/wp\/v2\/users\/560"}],"replies":[{"embeddable":true,"href":"https:\/\/eryckveziau.com\/en\/wp-json\/wp\/v2\/comments?post=6228"}],"wp:attached-to":[{"embeddable":true,"post_type":"post","id":6227,"href":"https:\/\/eryckveziau.com\/en\/wp-json\/wp\/v2\/posts\/6227"}],"curies":[{"name":"wp","href":"https:\/\/api.w.org\/{rel}","templated":true}]}}

<!-- This site is optimized with the Yoast SEO plugin v26.7 - https://yoast.com/wordpress/plugins/seo/ -->
<title>sea-2022234_1280 | ERYCK VÉZIAU, COURTIER IMMOBILIER LAVAL, COURTIER IMMOBILIER STE-DOROTHÉE, MAISON À VENDRE LAVAL, AGENT IMMOBILIER STE-DOROTHÉE</title>
<meta name="robots" content="index, follow, max-snippet:-1, max-image-preview:large, max-video-preview:-1" />
<link rel="canonical" href="https://eryckveziau.com/files/2025/04/sea-2022234_1280.jpg" />
<meta property="og:locale" content="en_US" />
<meta property="og:type" content="article" />
<meta property="og:title" content="sea-2022234_1280 | ERYCK VÉZIAU, COURTIER IMMOBILIER LAVAL, COURTIER IMMOBILIER STE-DOROTHÉE, MAISON À VENDRE LAVAL, AGENT IMMOBILIER STE-DOROTHÉE" />
<meta property="og:url" content="https://eryckveziau.com/files/2025/04/sea-2022234_1280.jpg" />
<meta property="og:site_name" content="ERYCK VÉZIAU, COURTIER IMMOBILIER LAVAL, COURTIER IMMOBILIER STE-DOROTHÉE, MAISON À VENDRE LAVAL, AGENT IMMOBILIER STE-DOROTHÉE" />
<meta property="article:publisher" content="https://www.facebook.com/EryckVeziau.courtier.immobilier.ReMax.Laval" />
<meta property="article:modified_time" content="2025-04-22T17:53:26+00:00" />
<meta property="og:image" content="https://eryckveziau.com/files/2025/04/sea-2022234_1280.jpg" />
<meta name="twitter:card" content="summary_large_image" />
<meta name="twitter:image" content="https://eryckveziau.com/files/2025/04/sea-2022234_1280.jpg" />
<script type="application/ld+json" class="yoast-schema-graph">{"@context":"https://schema.org","@graph":[{"@type":"WebPage","@id":"https://eryckveziau.com/files/2025/04/sea-2022234_1280.jpg","url":"https://eryckveziau.com/files/2025/04/sea-2022234_1280.jpg","name":"sea-2022234_1280 | ERYCK VÉZIAU, COURTIER IMMOBILIER LAVAL, COURTIER IMMOBILIER STE-DOROTHÉE, MAISON À VENDRE LAVAL, AGENT IMMOBILIER STE-DOROTHÉE","isPartOf":{"@id":"https://eryckveziau.com/en/#website"},"datePublished":"2025-04-22T17:53:21+00:00","dateModified":"2025-04-22T17:53:26+00:00","breadcrumb":{"@id":"https://eryckveziau.com/files/2025/04/sea-2022234_1280.jpg#breadcrumb"},"inLanguage":"en-US","potentialAction":[{"@type":"ReadAction","target":["https://eryckveziau.com/files/2025/04/sea-2022234_1280.jpg"]}]},{"@type":"BreadcrumbList","@id":"https://eryckveziau.com/files/2025/04/sea-2022234_1280.jpg#breadcrumb","itemListElement":[{"@type":"ListItem","position":1,"name":"Accueil","item":"https://eryckveziau.com/en/"},{"@type":"ListItem","position":2,"name":"Voici les 8 villes du Québec où les ventes de maisons explosent en 2025","item":"https://eryckveziau.com/en/achat-propriete/voici-les-8-villes-du-quebec-ou-les-ventes-de-maisons-explosent-en-2025/"},{"@type":"ListItem","position":3,"name":"sea-2022234_1280"}]},{"@type":"WebSite","@id":"https://eryckveziau.com/en/#website","url":"https://eryckveziau.com/en/","name":"ERYCK VÉZIAU, COURTIER IMMOBILIER LAVAL, COURTIER IMMOBILIER STE-DOROTHÉE, MAISON À VENDRE LAVAL, AGENT IMMOBILIER STE-DOROTHÉE","description":"","publisher":{"@id":"https://eryckveziau.com/en/#organization"},"potentialAction":[{"@type":"SearchAction","target":{"@type":"EntryPoint","urlTemplate":"https://eryckveziau.com/en/?s={search_term_string}"},"query-input":{"@type":"PropertyValueSpecification","valueRequired":true,"valueName":"search_term_string"}}],"inLanguage":"en-US"},{"@type":"Organization","@id":"https://eryckveziau.com/en/#organization","name":"Eryck Véziau RE/MAX","url":"https://eryckveziau.com/en/","logo":{"@type":"ImageObject","inLanguage":"en-US","@id":"https://eryckveziau.com/en/#/schema/logo/image/","url":"https://eryckveziau.com/files/2022/09/PartageEveziau.png","contentUrl":"https://eryckveziau.com/files/2022/09/PartageEveziau.png","width":924,"height":454,"caption":"Eryck Véziau RE/MAX"},"image":{"@id":"https://eryckveziau.com/en/#/schema/logo/image/"},"sameAs":["https://www.facebook.com/EryckVeziau.courtier.immobilier.ReMax.Laval","https://www.instagram.com/eryck_veziau_remax/","https://www.linkedin.com/in/eryck-véziau-6a445134/","https://www.youtube.com/user/eveziau"]}]}</script>
<!-- / Yoast SEO plugin. -->

sea-2022234_1280 | ERYCK VÉZIAU, COURTIER IMMOBILIER LAVAL, COURTIER IMMOBILIER STE-DOROTHÉE, MAISON À VENDRE LAVAL, AGENT IMMOBILIER STE-DOROTHÉE

ERYCK VÉZIAU, COURTIER IMMOBILIER LAVAL, COURTIER IMMOBILIER STE-DOROTHÉE, MAISON À VENDRE LAVAL, AGENT IMMOBILIER STE-DOROTHÉE

Voici les 8 villes du Québec où les ventes de maisons explosent en 2025

Eryck Véziau RE/MAX

https://www.linkedin.com/in/eryck-véziau-6a445134/
