{"id":6082,"date":"2024-09-16T15:10:20","date_gmt":"2024-09-16T19:10:20","guid":{"rendered":"https:\/\/eryckveziau.com\/files\/2024\/09\/annie-spratt-TBHOuN6URGU-unsplash-1.jpg"},"modified":"2024-09-16T15:11:06","modified_gmt":"2024-09-16T19:11:06","slug":"annie-spratt-tbhoun6urgu-unsplash-1","status":"inherit","type":"attachment","link":"https:\/\/eryckveziau.com\/en\/immobilier\/lepargne-nest-pas-une-solution-de-rechange-a-la-crise-hypothecaire-qui-sannonce\/attachment\/annie-spratt-tbhoun6urgu-unsplash-1\/","title":{"rendered":"annie-spratt-TBHOuN6URGU-unsplash (1)"},"author":560,"featured_media":0,"comment_status":"closed","ping_status":"closed","template":"","meta":{"_acf_changed":false},"class_list":["post-6082","attachment","type-attachment","status-inherit","hentry"],"acf":[],"yoast_head":"<!-- This site is optimized with the Yoast SEO plugin v26.7 - https:\/\/yoast.com\/wordpress\/plugins\/seo\/ -->\n<title>annie-spratt-TBHOuN6URGU-unsplash (1) | ERYCK V\u00c9ZIAU, COURTIER IMMOBILIER LAVAL, COURTIER IMMOBILIER STE-DOROTH\u00c9E, MAISON \u00c0 VENDRE LAVAL, AGENT IMMOBILIER STE-DOROTH\u00c9E<\/title>\n<meta name=\"robots\" content=\"index, follow, max-snippet:-1, max-image-preview:large, max-video-preview:-1\" \/>\n<link rel=\"canonical\" href=\"https:\/\/eryckveziau.com\/files\/2024\/09\/annie-spratt-TBHOuN6URGU-unsplash-1.jpg\" \/>\n<meta property=\"og:locale\" content=\"en_US\" \/>\n<meta property=\"og:type\" content=\"article\" \/>\n<meta property=\"og:title\" content=\"annie-spratt-TBHOuN6URGU-unsplash (1) | ERYCK V\u00c9ZIAU, COURTIER IMMOBILIER LAVAL, COURTIER IMMOBILIER STE-DOROTH\u00c9E, MAISON \u00c0 VENDRE LAVAL, AGENT IMMOBILIER STE-DOROTH\u00c9E\" \/>\n<meta property=\"og:url\" content=\"https:\/\/eryckveziau.com\/files\/2024\/09\/annie-spratt-TBHOuN6URGU-unsplash-1.jpg\" \/>\n<meta property=\"og:site_name\" content=\"ERYCK V\u00c9ZIAU, COURTIER IMMOBILIER LAVAL, COURTIER IMMOBILIER STE-DOROTH\u00c9E, MAISON \u00c0 VENDRE LAVAL, AGENT IMMOBILIER STE-DOROTH\u00c9E\" \/>\n<meta property=\"article:publisher\" content=\"https:\/\/www.facebook.com\/EryckVeziau.courtier.immobilier.ReMax.Laval\" \/>\n<meta property=\"article:modified_time\" content=\"2024-09-16T19:11:06+00:00\" \/>\n<meta property=\"og:image\" content=\"https:\/\/eryckveziau.com\/files\/2024\/09\/annie-spratt-TBHOuN6URGU-unsplash-1.jpg\" \/>\n<meta name=\"twitter:card\" content=\"summary_large_image\" \/>\n<meta name=\"twitter:image\" content=\"https:\/\/eryckveziau.com\/files\/2024\/09\/annie-spratt-TBHOuN6URGU-unsplash-1.jpg\" \/>\n<script type=\"application\/ld+json\" class=\"yoast-schema-graph\">{\"@context\":\"https:\/\/schema.org\",\"@graph\":[{\"@type\":\"WebPage\",\"@id\":\"https:\/\/eryckveziau.com\/files\/2024\/09\/annie-spratt-TBHOuN6URGU-unsplash-1.jpg\",\"url\":\"https:\/\/eryckveziau.com\/files\/2024\/09\/annie-spratt-TBHOuN6URGU-unsplash-1.jpg\",\"name\":\"annie-spratt-TBHOuN6URGU-unsplash (1) | ERYCK V\u00c9ZIAU, COURTIER IMMOBILIER LAVAL, COURTIER IMMOBILIER STE-DOROTH\u00c9E, MAISON \u00c0 VENDRE LAVAL, AGENT IMMOBILIER STE-DOROTH\u00c9E\",\"isPartOf\":{\"@id\":\"https:\/\/eryckveziau.com\/en\/#website\"},\"datePublished\":\"2024-09-16T19:10:20+00:00\",\"dateModified\":\"2024-09-16T19:11:06+00:00\",\"breadcrumb\":{\"@id\":\"https:\/\/eryckveziau.com\/files\/2024\/09\/annie-spratt-TBHOuN6URGU-unsplash-1.jpg#breadcrumb\"},\"inLanguage\":\"en-US\",\"potentialAction\":[{\"@type\":\"ReadAction\",\"target\":[\"https:\/\/eryckveziau.com\/files\/2024\/09\/annie-spratt-TBHOuN6URGU-unsplash-1.jpg\"]}]},{\"@type\":\"BreadcrumbList\",\"@id\":\"https:\/\/eryckveziau.com\/files\/2024\/09\/annie-spratt-TBHOuN6URGU-unsplash-1.jpg#breadcrumb\",\"itemListElement\":[{\"@type\":\"ListItem\",\"position\":1,\"name\":\"Accueil\",\"item\":\"https:\/\/eryckveziau.com\/en\/\"},{\"@type\":\"ListItem\",\"position\":2,\"name\":\"L\u2019\u00e9pargne n\u2019est pas une solution de rechange \u00e0 la crise hypoth\u00e9caire qui s\u2019annonce\",\"item\":\"https:\/\/eryckveziau.com\/immobilier\/lepargne-nest-pas-une-solution-de-rechange-a-la-crise-hypothecaire-qui-sannonce\/\"},{\"@type\":\"ListItem\",\"position\":3,\"name\":\"annie-spratt-TBHOuN6URGU-unsplash (1)\"}]},{\"@type\":\"WebSite\",\"@id\":\"https:\/\/eryckveziau.com\/en\/#website\",\"url\":\"https:\/\/eryckveziau.com\/en\/\",\"name\":\"ERYCK V\u00c9ZIAU, COURTIER IMMOBILIER LAVAL, COURTIER IMMOBILIER STE-DOROTH\u00c9E, MAISON \u00c0 VENDRE LAVAL, AGENT IMMOBILIER STE-DOROTH\u00c9E\",\"description\":\"\",\"publisher\":{\"@id\":\"https:\/\/eryckveziau.com\/en\/#organization\"},\"potentialAction\":[{\"@type\":\"SearchAction\",\"target\":{\"@type\":\"EntryPoint\",\"urlTemplate\":\"https:\/\/eryckveziau.com\/en\/?s={search_term_string}\"},\"query-input\":{\"@type\":\"PropertyValueSpecification\",\"valueRequired\":true,\"valueName\":\"search_term_string\"}}],\"inLanguage\":\"en-US\"},{\"@type\":\"Organization\",\"@id\":\"https:\/\/eryckveziau.com\/en\/#organization\",\"name\":\"Eryck V\u00e9ziau RE\/MAX\",\"url\":\"https:\/\/eryckveziau.com\/en\/\",\"logo\":{\"@type\":\"ImageObject\",\"inLanguage\":\"en-US\",\"@id\":\"https:\/\/eryckveziau.com\/en\/#\/schema\/logo\/image\/\",\"url\":\"https:\/\/eryckveziau.com\/files\/2022\/09\/PartageEveziau.png\",\"contentUrl\":\"https:\/\/eryckveziau.com\/files\/2022\/09\/PartageEveziau.png\",\"width\":924,\"height\":454,\"caption\":\"Eryck V\u00e9ziau RE\/MAX\"},\"image\":{\"@id\":\"https:\/\/eryckveziau.com\/en\/#\/schema\/logo\/image\/\"},\"sameAs\":[\"https:\/\/www.facebook.com\/EryckVeziau.courtier.immobilier.ReMax.Laval\",\"https:\/\/www.instagram.com\/eryck_veziau_remax\/\",\"https:\/\/www.linkedin.com\/in\/eryck-v\u00e9ziau-6a445134\/\",\"https:\/\/www.youtube.com\/user\/eveziau\"]}]}<\/script>\n<!-- \/ Yoast SEO plugin. -->","yoast_head_json":{"title":"annie-spratt-TBHOuN6URGU-unsplash (1) | ERYCK V\u00c9ZIAU, COURTIER IMMOBILIER LAVAL, COURTIER IMMOBILIER STE-DOROTH\u00c9E, MAISON \u00c0 VENDRE LAVAL, AGENT IMMOBILIER STE-DOROTH\u00c9E","robots":{"index":"index","follow":"follow","max-snippet":"max-snippet:-1","max-image-preview":"max-image-preview:large","max-video-preview":"max-video-preview:-1"},"canonical":"https:\/\/eryckveziau.com\/files\/2024\/09\/annie-spratt-TBHOuN6URGU-unsplash-1.jpg","og_locale":"en_US","og_type":"article","og_title":"annie-spratt-TBHOuN6URGU-unsplash (1) | ERYCK V\u00c9ZIAU, COURTIER IMMOBILIER LAVAL, COURTIER IMMOBILIER STE-DOROTH\u00c9E, MAISON \u00c0 VENDRE LAVAL, AGENT IMMOBILIER STE-DOROTH\u00c9E","og_url":"https:\/\/eryckveziau.com\/files\/2024\/09\/annie-spratt-TBHOuN6URGU-unsplash-1.jpg","og_site_name":"ERYCK V\u00c9ZIAU, COURTIER IMMOBILIER LAVAL, COURTIER IMMOBILIER STE-DOROTH\u00c9E, MAISON \u00c0 VENDRE LAVAL, AGENT IMMOBILIER STE-DOROTH\u00c9E","article_publisher":"https:\/\/www.facebook.com\/EryckVeziau.courtier.immobilier.ReMax.Laval","article_modified_time":"2024-09-16T19:11:06+00:00","og_image":[{"url":"https:\/\/eryckveziau.com\/files\/2024\/09\/annie-spratt-TBHOuN6URGU-unsplash-1.jpg","type":"","width":"","height":""}],"twitter_card":"summary_large_image","twitter_image":"https:\/\/eryckveziau.com\/files\/2024\/09\/annie-spratt-TBHOuN6URGU-unsplash-1.jpg","schema":{"@context":"https:\/\/schema.org","@graph":[{"@type":"WebPage","@id":"https:\/\/eryckveziau.com\/files\/2024\/09\/annie-spratt-TBHOuN6URGU-unsplash-1.jpg","url":"https:\/\/eryckveziau.com\/files\/2024\/09\/annie-spratt-TBHOuN6URGU-unsplash-1.jpg","name":"annie-spratt-TBHOuN6URGU-unsplash (1) | ERYCK V\u00c9ZIAU, COURTIER IMMOBILIER LAVAL, COURTIER IMMOBILIER STE-DOROTH\u00c9E, MAISON \u00c0 VENDRE LAVAL, AGENT IMMOBILIER STE-DOROTH\u00c9E","isPartOf":{"@id":"https:\/\/eryckveziau.com\/en\/#website"},"datePublished":"2024-09-16T19:10:20+00:00","dateModified":"2024-09-16T19:11:06+00:00","breadcrumb":{"@id":"https:\/\/eryckveziau.com\/files\/2024\/09\/annie-spratt-TBHOuN6URGU-unsplash-1.jpg#breadcrumb"},"inLanguage":"en-US","potentialAction":[{"@type":"ReadAction","target":["https:\/\/eryckveziau.com\/files\/2024\/09\/annie-spratt-TBHOuN6URGU-unsplash-1.jpg"]}]},{"@type":"BreadcrumbList","@id":"https:\/\/eryckveziau.com\/files\/2024\/09\/annie-spratt-TBHOuN6URGU-unsplash-1.jpg#breadcrumb","itemListElement":[{"@type":"ListItem","position":1,"name":"Accueil","item":"https:\/\/eryckveziau.com\/en\/"},{"@type":"ListItem","position":2,"name":"L\u2019\u00e9pargne n\u2019est pas une solution de rechange \u00e0 la crise hypoth\u00e9caire qui s\u2019annonce","item":"https:\/\/eryckveziau.com\/immobilier\/lepargne-nest-pas-une-solution-de-rechange-a-la-crise-hypothecaire-qui-sannonce\/"},{"@type":"ListItem","position":3,"name":"annie-spratt-TBHOuN6URGU-unsplash (1)"}]},{"@type":"WebSite","@id":"https:\/\/eryckveziau.com\/en\/#website","url":"https:\/\/eryckveziau.com\/en\/","name":"ERYCK V\u00c9ZIAU, COURTIER IMMOBILIER LAVAL, COURTIER IMMOBILIER STE-DOROTH\u00c9E, MAISON \u00c0 VENDRE LAVAL, AGENT IMMOBILIER STE-DOROTH\u00c9E","description":"","publisher":{"@id":"https:\/\/eryckveziau.com\/en\/#organization"},"potentialAction":[{"@type":"SearchAction","target":{"@type":"EntryPoint","urlTemplate":"https:\/\/eryckveziau.com\/en\/?s={search_term_string}"},"query-input":{"@type":"PropertyValueSpecification","valueRequired":true,"valueName":"search_term_string"}}],"inLanguage":"en-US"},{"@type":"Organization","@id":"https:\/\/eryckveziau.com\/en\/#organization","name":"Eryck V\u00e9ziau RE\/MAX","url":"https:\/\/eryckveziau.com\/en\/","logo":{"@type":"ImageObject","inLanguage":"en-US","@id":"https:\/\/eryckveziau.com\/en\/#\/schema\/logo\/image\/","url":"https:\/\/eryckveziau.com\/files\/2022\/09\/PartageEveziau.png","contentUrl":"https:\/\/eryckveziau.com\/files\/2022\/09\/PartageEveziau.png","width":924,"height":454,"caption":"Eryck V\u00e9ziau RE\/MAX"},"image":{"@id":"https:\/\/eryckveziau.com\/en\/#\/schema\/logo\/image\/"},"sameAs":["https:\/\/www.facebook.com\/EryckVeziau.courtier.immobilier.ReMax.Laval","https:\/\/www.instagram.com\/eryck_veziau_remax\/","https:\/\/www.linkedin.com\/in\/eryck-v\u00e9ziau-6a445134\/","https:\/\/www.youtube.com\/user\/eveziau"]}]}},"description":{"rendered":"<p class=\"attachment\"><a href='https:\/\/eryckveziau.com\/files\/2024\/09\/annie-spratt-TBHOuN6URGU-unsplash-1.jpg'><img loading=\"lazy\" decoding=\"async\" width=\"300\" height=\"225\" src=\"https:\/\/eryckveziau.com\/files\/2024\/09\/annie-spratt-TBHOuN6URGU-unsplash-1-300x225.jpg\" class=\"attachment-medium size-medium\" alt=\"\u00c9pargne\" srcset=\"https:\/\/eryckveziau.com\/files\/2024\/09\/annie-spratt-TBHOuN6URGU-unsplash-1-300x225.jpg 300w, https:\/\/eryckveziau.com\/files\/2024\/09\/annie-spratt-TBHOuN6URGU-unsplash-1.jpg 640w\" sizes=\"auto, (max-width: 300px) 100vw, 300px\" \/><\/a><\/p>\n"},"caption":{"rendered":""},"alt_text":"\u00c9pargne","media_type":"image","mime_type":"image\/jpeg","media_details":{"width":640,"height":480,"file":"2024\/09\/annie-spratt-TBHOuN6URGU-unsplash-1.jpg","sizes":{"medium":{"file":"annie-spratt-TBHOuN6URGU-unsplash-1-300x225.jpg","width":300,"height":225,"mime_type":"image\/jpeg","source_url":"https:\/\/eryckveziau.com\/files\/2024\/09\/annie-spratt-TBHOuN6URGU-unsplash-1-300x225.jpg"},"thumbnail":{"file":"annie-spratt-TBHOuN6URGU-unsplash-1-150x150.jpg","width":150,"height":150,"mime_type":"image\/jpeg","source_url":"https:\/\/eryckveziau.com\/files\/2024\/09\/annie-spratt-TBHOuN6URGU-unsplash-1-150x150.jpg"},"full":{"file":"annie-spratt-TBHOuN6URGU-unsplash-1.jpg","width":640,"height":480,"mime_type":"image\/jpeg","source_url":"https:\/\/eryckveziau.com\/files\/2024\/09\/annie-spratt-TBHOuN6URGU-unsplash-1.jpg"}},"image_meta":{"aperture":"0","credit":"","camera":"","caption":"","created_timestamp":"0","copyright":"","focal_length":"0","iso":"0","shutter_speed":"0","title":"","orientation":"0","keywords":[]}},"post":6081,"source_url":"https:\/\/eryckveziau.com\/files\/2024\/09\/annie-spratt-TBHOuN6URGU-unsplash-1.jpg","_links":{"self":[{"href":"https:\/\/eryckveziau.com\/en\/wp-json\/wp\/v2\/media\/6082","targetHints":{"allow":["GET"]}}],"collection":[{"href":"https:\/\/eryckveziau.com\/en\/wp-json\/wp\/v2\/media"}],"about":[{"href":"https:\/\/eryckveziau.com\/en\/wp-json\/wp\/v2\/types\/attachment"}],"author":[{"embeddable":true,"href":"https:\/\/eryckveziau.com\/en\/wp-json\/wp\/v2\/users\/560"}],"replies":[{"embeddable":true,"href":"https:\/\/eryckveziau.com\/en\/wp-json\/wp\/v2\/comments?post=6082"}],"wp:attached-to":[{"embeddable":true,"post_type":"post","id":6081,"href":"https:\/\/eryckveziau.com\/en\/wp-json\/wp\/v2\/posts\/6081"}],"curies":[{"name":"wp","href":"https:\/\/api.w.org\/{rel}","templated":true}]}}

<!-- This site is optimized with the Yoast SEO plugin v26.7 - https://yoast.com/wordpress/plugins/seo/ -->
<title>annie-spratt-TBHOuN6URGU-unsplash (1) | ERYCK VÉZIAU, COURTIER IMMOBILIER LAVAL, COURTIER IMMOBILIER STE-DOROTHÉE, MAISON À VENDRE LAVAL, AGENT IMMOBILIER STE-DOROTHÉE</title>
<meta name="robots" content="index, follow, max-snippet:-1, max-image-preview:large, max-video-preview:-1" />
<link rel="canonical" href="https://eryckveziau.com/files/2024/09/annie-spratt-TBHOuN6URGU-unsplash-1.jpg" />
<meta property="og:locale" content="en_US" />
<meta property="og:type" content="article" />
<meta property="og:title" content="annie-spratt-TBHOuN6URGU-unsplash (1) | ERYCK VÉZIAU, COURTIER IMMOBILIER LAVAL, COURTIER IMMOBILIER STE-DOROTHÉE, MAISON À VENDRE LAVAL, AGENT IMMOBILIER STE-DOROTHÉE" />
<meta property="og:url" content="https://eryckveziau.com/files/2024/09/annie-spratt-TBHOuN6URGU-unsplash-1.jpg" />
<meta property="og:site_name" content="ERYCK VÉZIAU, COURTIER IMMOBILIER LAVAL, COURTIER IMMOBILIER STE-DOROTHÉE, MAISON À VENDRE LAVAL, AGENT IMMOBILIER STE-DOROTHÉE" />
<meta property="article:publisher" content="https://www.facebook.com/EryckVeziau.courtier.immobilier.ReMax.Laval" />
<meta property="article:modified_time" content="2024-09-16T19:11:06+00:00" />
<meta property="og:image" content="https://eryckveziau.com/files/2024/09/annie-spratt-TBHOuN6URGU-unsplash-1.jpg" />
<meta name="twitter:card" content="summary_large_image" />
<meta name="twitter:image" content="https://eryckveziau.com/files/2024/09/annie-spratt-TBHOuN6URGU-unsplash-1.jpg" />
<script type="application/ld+json" class="yoast-schema-graph">{"@context":"https://schema.org","@graph":[{"@type":"WebPage","@id":"https://eryckveziau.com/files/2024/09/annie-spratt-TBHOuN6URGU-unsplash-1.jpg","url":"https://eryckveziau.com/files/2024/09/annie-spratt-TBHOuN6URGU-unsplash-1.jpg","name":"annie-spratt-TBHOuN6URGU-unsplash (1) | ERYCK VÉZIAU, COURTIER IMMOBILIER LAVAL, COURTIER IMMOBILIER STE-DOROTHÉE, MAISON À VENDRE LAVAL, AGENT IMMOBILIER STE-DOROTHÉE","isPartOf":{"@id":"https://eryckveziau.com/en/#website"},"datePublished":"2024-09-16T19:10:20+00:00","dateModified":"2024-09-16T19:11:06+00:00","breadcrumb":{"@id":"https://eryckveziau.com/files/2024/09/annie-spratt-TBHOuN6URGU-unsplash-1.jpg#breadcrumb"},"inLanguage":"en-US","potentialAction":[{"@type":"ReadAction","target":["https://eryckveziau.com/files/2024/09/annie-spratt-TBHOuN6URGU-unsplash-1.jpg"]}]},{"@type":"BreadcrumbList","@id":"https://eryckveziau.com/files/2024/09/annie-spratt-TBHOuN6URGU-unsplash-1.jpg#breadcrumb","itemListElement":[{"@type":"ListItem","position":1,"name":"Accueil","item":"https://eryckveziau.com/en/"},{"@type":"ListItem","position":2,"name":"L’épargne n’est pas une solution de rechange à la crise hypothécaire qui s’annonce","item":"https://eryckveziau.com/immobilier/lepargne-nest-pas-une-solution-de-rechange-a-la-crise-hypothecaire-qui-sannonce/"},{"@type":"ListItem","position":3,"name":"annie-spratt-TBHOuN6URGU-unsplash (1)"}]},{"@type":"WebSite","@id":"https://eryckveziau.com/en/#website","url":"https://eryckveziau.com/en/","name":"ERYCK VÉZIAU, COURTIER IMMOBILIER LAVAL, COURTIER IMMOBILIER STE-DOROTHÉE, MAISON À VENDRE LAVAL, AGENT IMMOBILIER STE-DOROTHÉE","description":"","publisher":{"@id":"https://eryckveziau.com/en/#organization"},"potentialAction":[{"@type":"SearchAction","target":{"@type":"EntryPoint","urlTemplate":"https://eryckveziau.com/en/?s={search_term_string}"},"query-input":{"@type":"PropertyValueSpecification","valueRequired":true,"valueName":"search_term_string"}}],"inLanguage":"en-US"},{"@type":"Organization","@id":"https://eryckveziau.com/en/#organization","name":"Eryck Véziau RE/MAX","url":"https://eryckveziau.com/en/","logo":{"@type":"ImageObject","inLanguage":"en-US","@id":"https://eryckveziau.com/en/#/schema/logo/image/","url":"https://eryckveziau.com/files/2022/09/PartageEveziau.png","contentUrl":"https://eryckveziau.com/files/2022/09/PartageEveziau.png","width":924,"height":454,"caption":"Eryck Véziau RE/MAX"},"image":{"@id":"https://eryckveziau.com/en/#/schema/logo/image/"},"sameAs":["https://www.facebook.com/EryckVeziau.courtier.immobilier.ReMax.Laval","https://www.instagram.com/eryck_veziau_remax/","https://www.linkedin.com/in/eryck-véziau-6a445134/","https://www.youtube.com/user/eveziau"]}]}</script>
<!-- / Yoast SEO plugin. -->

annie-spratt-TBHOuN6URGU-unsplash (1) | ERYCK VÉZIAU, COURTIER IMMOBILIER LAVAL, COURTIER IMMOBILIER STE-DOROTHÉE, MAISON À VENDRE LAVAL, AGENT IMMOBILIER STE-DOROTHÉE

ERYCK VÉZIAU, COURTIER IMMOBILIER LAVAL, COURTIER IMMOBILIER STE-DOROTHÉE, MAISON À VENDRE LAVAL, AGENT IMMOBILIER STE-DOROTHÉE

L’épargne n’est pas une solution de rechange à la crise hypothécaire qui s’annonce

Eryck Véziau RE/MAX

https://www.linkedin.com/in/eryck-véziau-6a445134/

<p class="attachment"><a href='https://eryckveziau.com/files/2024/09/annie-spratt-TBHOuN6URGU-unsplash-1.jpg'><img loading="lazy" decoding="async" width="300" height="225" src="https://eryckveziau.com/files/2024/09/annie-spratt-TBHOuN6URGU-unsplash-1-300x225.jpg" class="attachment-medium size-medium" alt="Épargne" srcset="https://eryckveziau.com/files/2024/09/annie-spratt-TBHOuN6URGU-unsplash-1-300x225.jpg 300w, https://eryckveziau.com/files/2024/09/annie-spratt-TBHOuN6URGU-unsplash-1.jpg 640w" sizes="auto, (max-width: 300px) 100vw, 300px" /></a></p>

Épargne
