{"id":6027,"date":"2024-07-08T10:21:44","date_gmt":"2024-07-08T14:21:44","guid":{"rendered":"https:\/\/eryckveziau.com\/files\/2024\/07\/eryckVeziau_portrait_eryck.png"},"modified":"2024-07-08T10:22:39","modified_gmt":"2024-07-08T14:22:39","slug":"eryckveziau_portrait_eryck","status":"inherit","type":"attachment","link":"https:\/\/eryckveziau.com\/en\/equipe\/attachment\/eryckveziau_portrait_eryck\/","title":{"rendered":"eryckVeziau_portrait_eryck"},"author":121,"featured_media":0,"comment_status":"closed","ping_status":"closed","template":"","meta":{"_acf_changed":false},"class_list":["post-6027","attachment","type-attachment","status-inherit","hentry"],"acf":[],"yoast_head":"<!-- This site is optimized with the Yoast SEO plugin v26.7 - https:\/\/yoast.com\/wordpress\/plugins\/seo\/ -->\n<title>eryckVeziau_portrait_eryck | ERYCK V\u00c9ZIAU, COURTIER IMMOBILIER LAVAL, COURTIER IMMOBILIER STE-DOROTH\u00c9E, MAISON \u00c0 VENDRE LAVAL, AGENT IMMOBILIER STE-DOROTH\u00c9E<\/title>\n<meta name=\"robots\" content=\"index, follow, max-snippet:-1, max-image-preview:large, max-video-preview:-1\" \/>\n<link rel=\"canonical\" href=\"https:\/\/eryckveziau.com\/files\/2024\/07\/eryckVeziau_portrait_eryck.png\" \/>\n<meta property=\"og:locale\" content=\"en_US\" \/>\n<meta property=\"og:type\" content=\"article\" \/>\n<meta property=\"og:title\" content=\"eryckVeziau_portrait_eryck | ERYCK V\u00c9ZIAU, COURTIER IMMOBILIER LAVAL, COURTIER IMMOBILIER STE-DOROTH\u00c9E, MAISON \u00c0 VENDRE LAVAL, AGENT IMMOBILIER STE-DOROTH\u00c9E\" \/>\n<meta property=\"og:url\" content=\"https:\/\/eryckveziau.com\/files\/2024\/07\/eryckVeziau_portrait_eryck.png\" \/>\n<meta property=\"og:site_name\" content=\"ERYCK V\u00c9ZIAU, COURTIER IMMOBILIER LAVAL, COURTIER IMMOBILIER STE-DOROTH\u00c9E, MAISON \u00c0 VENDRE LAVAL, AGENT IMMOBILIER STE-DOROTH\u00c9E\" \/>\n<meta property=\"article:publisher\" content=\"https:\/\/www.facebook.com\/EryckVeziau.courtier.immobilier.ReMax.Laval\" \/>\n<meta property=\"article:modified_time\" content=\"2024-07-08T14:22:39+00:00\" \/>\n<meta property=\"og:image\" content=\"https:\/\/eryckveziau.com\/files\/2024\/07\/eryckVeziau_portrait_eryck.png\" \/>\n<meta name=\"twitter:card\" content=\"summary_large_image\" \/>\n<meta name=\"twitter:image\" content=\"https:\/\/eryckveziau.com\/files\/2024\/07\/eryckVeziau_portrait_eryck.png\" \/>\n<script type=\"application\/ld+json\" class=\"yoast-schema-graph\">{\"@context\":\"https:\/\/schema.org\",\"@graph\":[{\"@type\":\"WebPage\",\"@id\":\"https:\/\/eryckveziau.com\/files\/2024\/07\/eryckVeziau_portrait_eryck.png\",\"url\":\"https:\/\/eryckveziau.com\/files\/2024\/07\/eryckVeziau_portrait_eryck.png\",\"name\":\"eryckVeziau_portrait_eryck | ERYCK V\u00c9ZIAU, COURTIER IMMOBILIER LAVAL, COURTIER IMMOBILIER STE-DOROTH\u00c9E, MAISON \u00c0 VENDRE LAVAL, AGENT IMMOBILIER STE-DOROTH\u00c9E\",\"isPartOf\":{\"@id\":\"https:\/\/eryckveziau.com\/en\/#website\"},\"datePublished\":\"2024-07-08T14:21:44+00:00\",\"dateModified\":\"2024-07-08T14:22:39+00:00\",\"breadcrumb\":{\"@id\":\"https:\/\/eryckveziau.com\/files\/2024\/07\/eryckVeziau_portrait_eryck.png#breadcrumb\"},\"inLanguage\":\"en-US\",\"potentialAction\":[{\"@type\":\"ReadAction\",\"target\":[\"https:\/\/eryckveziau.com\/files\/2024\/07\/eryckVeziau_portrait_eryck.png\"]}]},{\"@type\":\"BreadcrumbList\",\"@id\":\"https:\/\/eryckveziau.com\/files\/2024\/07\/eryckVeziau_portrait_eryck.png#breadcrumb\",\"itemListElement\":[{\"@type\":\"ListItem\",\"position\":1,\"name\":\"Accueil\",\"item\":\"https:\/\/eryckveziau.com\/en\/\"},{\"@type\":\"ListItem\",\"position\":2,\"name\":\"\u00c9quipe\",\"item\":\"https:\/\/eryckveziau.com\/equipe\/\"},{\"@type\":\"ListItem\",\"position\":3,\"name\":\"eryckVeziau_portrait_eryck\"}]},{\"@type\":\"WebSite\",\"@id\":\"https:\/\/eryckveziau.com\/en\/#website\",\"url\":\"https:\/\/eryckveziau.com\/en\/\",\"name\":\"ERYCK V\u00c9ZIAU, COURTIER IMMOBILIER LAVAL, COURTIER IMMOBILIER STE-DOROTH\u00c9E, MAISON \u00c0 VENDRE LAVAL, AGENT IMMOBILIER STE-DOROTH\u00c9E\",\"description\":\"\",\"publisher\":{\"@id\":\"https:\/\/eryckveziau.com\/en\/#organization\"},\"potentialAction\":[{\"@type\":\"SearchAction\",\"target\":{\"@type\":\"EntryPoint\",\"urlTemplate\":\"https:\/\/eryckveziau.com\/en\/?s={search_term_string}\"},\"query-input\":{\"@type\":\"PropertyValueSpecification\",\"valueRequired\":true,\"valueName\":\"search_term_string\"}}],\"inLanguage\":\"en-US\"},{\"@type\":\"Organization\",\"@id\":\"https:\/\/eryckveziau.com\/en\/#organization\",\"name\":\"Eryck V\u00e9ziau RE\/MAX\",\"url\":\"https:\/\/eryckveziau.com\/en\/\",\"logo\":{\"@type\":\"ImageObject\",\"inLanguage\":\"en-US\",\"@id\":\"https:\/\/eryckveziau.com\/en\/#\/schema\/logo\/image\/\",\"url\":\"https:\/\/eryckveziau.com\/files\/2022\/09\/PartageEveziau.png\",\"contentUrl\":\"https:\/\/eryckveziau.com\/files\/2022\/09\/PartageEveziau.png\",\"width\":924,\"height\":454,\"caption\":\"Eryck V\u00e9ziau RE\/MAX\"},\"image\":{\"@id\":\"https:\/\/eryckveziau.com\/en\/#\/schema\/logo\/image\/\"},\"sameAs\":[\"https:\/\/www.facebook.com\/EryckVeziau.courtier.immobilier.ReMax.Laval\",\"https:\/\/www.instagram.com\/eryck_veziau_remax\/\",\"https:\/\/www.linkedin.com\/in\/eryck-v\u00e9ziau-6a445134\/\",\"https:\/\/www.youtube.com\/user\/eveziau\"]}]}<\/script>\n<!-- \/ Yoast SEO plugin. -->","yoast_head_json":{"title":"eryckVeziau_portrait_eryck | ERYCK V\u00c9ZIAU, COURTIER IMMOBILIER LAVAL, COURTIER IMMOBILIER STE-DOROTH\u00c9E, MAISON \u00c0 VENDRE LAVAL, AGENT IMMOBILIER STE-DOROTH\u00c9E","robots":{"index":"index","follow":"follow","max-snippet":"max-snippet:-1","max-image-preview":"max-image-preview:large","max-video-preview":"max-video-preview:-1"},"canonical":"https:\/\/eryckveziau.com\/files\/2024\/07\/eryckVeziau_portrait_eryck.png","og_locale":"en_US","og_type":"article","og_title":"eryckVeziau_portrait_eryck | ERYCK V\u00c9ZIAU, COURTIER IMMOBILIER LAVAL, COURTIER IMMOBILIER STE-DOROTH\u00c9E, MAISON \u00c0 VENDRE LAVAL, AGENT IMMOBILIER STE-DOROTH\u00c9E","og_url":"https:\/\/eryckveziau.com\/files\/2024\/07\/eryckVeziau_portrait_eryck.png","og_site_name":"ERYCK V\u00c9ZIAU, COURTIER IMMOBILIER LAVAL, COURTIER IMMOBILIER STE-DOROTH\u00c9E, MAISON \u00c0 VENDRE LAVAL, AGENT IMMOBILIER STE-DOROTH\u00c9E","article_publisher":"https:\/\/www.facebook.com\/EryckVeziau.courtier.immobilier.ReMax.Laval","article_modified_time":"2024-07-08T14:22:39+00:00","og_image":[{"url":"https:\/\/eryckveziau.com\/files\/2024\/07\/eryckVeziau_portrait_eryck.png","type":"","width":"","height":""}],"twitter_card":"summary_large_image","twitter_image":"https:\/\/eryckveziau.com\/files\/2024\/07\/eryckVeziau_portrait_eryck.png","schema":{"@context":"https:\/\/schema.org","@graph":[{"@type":"WebPage","@id":"https:\/\/eryckveziau.com\/files\/2024\/07\/eryckVeziau_portrait_eryck.png","url":"https:\/\/eryckveziau.com\/files\/2024\/07\/eryckVeziau_portrait_eryck.png","name":"eryckVeziau_portrait_eryck | ERYCK V\u00c9ZIAU, COURTIER IMMOBILIER LAVAL, COURTIER IMMOBILIER STE-DOROTH\u00c9E, MAISON \u00c0 VENDRE LAVAL, AGENT IMMOBILIER STE-DOROTH\u00c9E","isPartOf":{"@id":"https:\/\/eryckveziau.com\/en\/#website"},"datePublished":"2024-07-08T14:21:44+00:00","dateModified":"2024-07-08T14:22:39+00:00","breadcrumb":{"@id":"https:\/\/eryckveziau.com\/files\/2024\/07\/eryckVeziau_portrait_eryck.png#breadcrumb"},"inLanguage":"en-US","potentialAction":[{"@type":"ReadAction","target":["https:\/\/eryckveziau.com\/files\/2024\/07\/eryckVeziau_portrait_eryck.png"]}]},{"@type":"BreadcrumbList","@id":"https:\/\/eryckveziau.com\/files\/2024\/07\/eryckVeziau_portrait_eryck.png#breadcrumb","itemListElement":[{"@type":"ListItem","position":1,"name":"Accueil","item":"https:\/\/eryckveziau.com\/en\/"},{"@type":"ListItem","position":2,"name":"\u00c9quipe","item":"https:\/\/eryckveziau.com\/equipe\/"},{"@type":"ListItem","position":3,"name":"eryckVeziau_portrait_eryck"}]},{"@type":"WebSite","@id":"https:\/\/eryckveziau.com\/en\/#website","url":"https:\/\/eryckveziau.com\/en\/","name":"ERYCK V\u00c9ZIAU, COURTIER IMMOBILIER LAVAL, COURTIER IMMOBILIER STE-DOROTH\u00c9E, MAISON \u00c0 VENDRE LAVAL, AGENT IMMOBILIER STE-DOROTH\u00c9E","description":"","publisher":{"@id":"https:\/\/eryckveziau.com\/en\/#organization"},"potentialAction":[{"@type":"SearchAction","target":{"@type":"EntryPoint","urlTemplate":"https:\/\/eryckveziau.com\/en\/?s={search_term_string}"},"query-input":{"@type":"PropertyValueSpecification","valueRequired":true,"valueName":"search_term_string"}}],"inLanguage":"en-US"},{"@type":"Organization","@id":"https:\/\/eryckveziau.com\/en\/#organization","name":"Eryck V\u00e9ziau RE\/MAX","url":"https:\/\/eryckveziau.com\/en\/","logo":{"@type":"ImageObject","inLanguage":"en-US","@id":"https:\/\/eryckveziau.com\/en\/#\/schema\/logo\/image\/","url":"https:\/\/eryckveziau.com\/files\/2022\/09\/PartageEveziau.png","contentUrl":"https:\/\/eryckveziau.com\/files\/2022\/09\/PartageEveziau.png","width":924,"height":454,"caption":"Eryck V\u00e9ziau RE\/MAX"},"image":{"@id":"https:\/\/eryckveziau.com\/en\/#\/schema\/logo\/image\/"},"sameAs":["https:\/\/www.facebook.com\/EryckVeziau.courtier.immobilier.ReMax.Laval","https:\/\/www.instagram.com\/eryck_veziau_remax\/","https:\/\/www.linkedin.com\/in\/eryck-v\u00e9ziau-6a445134\/","https:\/\/www.youtube.com\/user\/eveziau"]}]}},"description":{"rendered":"<p class=\"attachment\"><a href='https:\/\/eryckveziau.com\/files\/2024\/07\/eryckVeziau_portrait_eryck.png'><img loading=\"lazy\" decoding=\"async\" width=\"244\" height=\"300\" src=\"https:\/\/eryckveziau.com\/files\/2024\/07\/eryckVeziau_portrait_eryck-244x300.png\" class=\"attachment-medium size-medium\" alt=\"\" srcset=\"https:\/\/eryckveziau.com\/files\/2024\/07\/eryckVeziau_portrait_eryck-244x300.png 244w, https:\/\/eryckveziau.com\/files\/2024\/07\/eryckVeziau_portrait_eryck.png 350w\" sizes=\"auto, (max-width: 244px) 100vw, 244px\" \/><\/a><\/p>\n"},"caption":{"rendered":""},"alt_text":"","media_type":"image","mime_type":"image\/png","media_details":{"width":350,"height":431,"file":"2024\/07\/eryckVeziau_portrait_eryck.png","sizes":{"medium":{"file":"eryckVeziau_portrait_eryck-244x300.png","width":244,"height":300,"mime_type":"image\/png","source_url":"https:\/\/eryckveziau.com\/files\/2024\/07\/eryckVeziau_portrait_eryck-244x300.png"},"thumbnail":{"file":"eryckVeziau_portrait_eryck-150x150.png","width":150,"height":150,"mime_type":"image\/png","source_url":"https:\/\/eryckveziau.com\/files\/2024\/07\/eryckVeziau_portrait_eryck-150x150.png"},"cmplz_banner_image":{"file":"eryckVeziau_portrait_eryck-350x100.png","width":350,"height":100,"mime_type":"image\/png","source_url":"https:\/\/eryckveziau.com\/files\/2024\/07\/eryckVeziau_portrait_eryck-350x100.png"},"full":{"file":"eryckVeziau_portrait_eryck.png","width":350,"height":431,"mime_type":"image\/png","source_url":"https:\/\/eryckveziau.com\/files\/2024\/07\/eryckVeziau_portrait_eryck.png"}},"image_meta":{"aperture":"0","credit":"","camera":"","caption":"","created_timestamp":"0","copyright":"","focal_length":"0","iso":"0","shutter_speed":"0","title":"","orientation":"0","keywords":[]}},"post":5880,"source_url":"https:\/\/eryckveziau.com\/files\/2024\/07\/eryckVeziau_portrait_eryck.png","_links":{"self":[{"href":"https:\/\/eryckveziau.com\/en\/wp-json\/wp\/v2\/media\/6027","targetHints":{"allow":["GET"]}}],"collection":[{"href":"https:\/\/eryckveziau.com\/en\/wp-json\/wp\/v2\/media"}],"about":[{"href":"https:\/\/eryckveziau.com\/en\/wp-json\/wp\/v2\/types\/attachment"}],"author":[{"embeddable":true,"href":"https:\/\/eryckveziau.com\/en\/wp-json\/wp\/v2\/users\/121"}],"replies":[{"embeddable":true,"href":"https:\/\/eryckveziau.com\/en\/wp-json\/wp\/v2\/comments?post=6027"}],"wp:attached-to":[{"embeddable":true,"post_type":"page","id":5880,"href":"https:\/\/eryckveziau.com\/en\/wp-json\/wp\/v2\/pages\/5880"}],"curies":[{"name":"wp","href":"https:\/\/api.w.org\/{rel}","templated":true}]}}

<!-- This site is optimized with the Yoast SEO plugin v26.7 - https://yoast.com/wordpress/plugins/seo/ -->
<title>eryckVeziau_portrait_eryck | ERYCK VÉZIAU, COURTIER IMMOBILIER LAVAL, COURTIER IMMOBILIER STE-DOROTHÉE, MAISON À VENDRE LAVAL, AGENT IMMOBILIER STE-DOROTHÉE</title>
<meta name="robots" content="index, follow, max-snippet:-1, max-image-preview:large, max-video-preview:-1" />
<link rel="canonical" href="https://eryckveziau.com/files/2024/07/eryckVeziau_portrait_eryck.png" />
<meta property="og:locale" content="en_US" />
<meta property="og:type" content="article" />
<meta property="og:title" content="eryckVeziau_portrait_eryck | ERYCK VÉZIAU, COURTIER IMMOBILIER LAVAL, COURTIER IMMOBILIER STE-DOROTHÉE, MAISON À VENDRE LAVAL, AGENT IMMOBILIER STE-DOROTHÉE" />
<meta property="og:url" content="https://eryckveziau.com/files/2024/07/eryckVeziau_portrait_eryck.png" />
<meta property="og:site_name" content="ERYCK VÉZIAU, COURTIER IMMOBILIER LAVAL, COURTIER IMMOBILIER STE-DOROTHÉE, MAISON À VENDRE LAVAL, AGENT IMMOBILIER STE-DOROTHÉE" />
<meta property="article:publisher" content="https://www.facebook.com/EryckVeziau.courtier.immobilier.ReMax.Laval" />
<meta property="article:modified_time" content="2024-07-08T14:22:39+00:00" />
<meta property="og:image" content="https://eryckveziau.com/files/2024/07/eryckVeziau_portrait_eryck.png" />
<meta name="twitter:card" content="summary_large_image" />
<meta name="twitter:image" content="https://eryckveziau.com/files/2024/07/eryckVeziau_portrait_eryck.png" />
<script type="application/ld+json" class="yoast-schema-graph">{"@context":"https://schema.org","@graph":[{"@type":"WebPage","@id":"https://eryckveziau.com/files/2024/07/eryckVeziau_portrait_eryck.png","url":"https://eryckveziau.com/files/2024/07/eryckVeziau_portrait_eryck.png","name":"eryckVeziau_portrait_eryck | ERYCK VÉZIAU, COURTIER IMMOBILIER LAVAL, COURTIER IMMOBILIER STE-DOROTHÉE, MAISON À VENDRE LAVAL, AGENT IMMOBILIER STE-DOROTHÉE","isPartOf":{"@id":"https://eryckveziau.com/en/#website"},"datePublished":"2024-07-08T14:21:44+00:00","dateModified":"2024-07-08T14:22:39+00:00","breadcrumb":{"@id":"https://eryckveziau.com/files/2024/07/eryckVeziau_portrait_eryck.png#breadcrumb"},"inLanguage":"en-US","potentialAction":[{"@type":"ReadAction","target":["https://eryckveziau.com/files/2024/07/eryckVeziau_portrait_eryck.png"]}]},{"@type":"BreadcrumbList","@id":"https://eryckveziau.com/files/2024/07/eryckVeziau_portrait_eryck.png#breadcrumb","itemListElement":[{"@type":"ListItem","position":1,"name":"Accueil","item":"https://eryckveziau.com/en/"},{"@type":"ListItem","position":2,"name":"Équipe","item":"https://eryckveziau.com/equipe/"},{"@type":"ListItem","position":3,"name":"eryckVeziau_portrait_eryck"}]},{"@type":"WebSite","@id":"https://eryckveziau.com/en/#website","url":"https://eryckveziau.com/en/","name":"ERYCK VÉZIAU, COURTIER IMMOBILIER LAVAL, COURTIER IMMOBILIER STE-DOROTHÉE, MAISON À VENDRE LAVAL, AGENT IMMOBILIER STE-DOROTHÉE","description":"","publisher":{"@id":"https://eryckveziau.com/en/#organization"},"potentialAction":[{"@type":"SearchAction","target":{"@type":"EntryPoint","urlTemplate":"https://eryckveziau.com/en/?s={search_term_string}"},"query-input":{"@type":"PropertyValueSpecification","valueRequired":true,"valueName":"search_term_string"}}],"inLanguage":"en-US"},{"@type":"Organization","@id":"https://eryckveziau.com/en/#organization","name":"Eryck Véziau RE/MAX","url":"https://eryckveziau.com/en/","logo":{"@type":"ImageObject","inLanguage":"en-US","@id":"https://eryckveziau.com/en/#/schema/logo/image/","url":"https://eryckveziau.com/files/2022/09/PartageEveziau.png","contentUrl":"https://eryckveziau.com/files/2022/09/PartageEveziau.png","width":924,"height":454,"caption":"Eryck Véziau RE/MAX"},"image":{"@id":"https://eryckveziau.com/en/#/schema/logo/image/"},"sameAs":["https://www.facebook.com/EryckVeziau.courtier.immobilier.ReMax.Laval","https://www.instagram.com/eryck_veziau_remax/","https://www.linkedin.com/in/eryck-véziau-6a445134/","https://www.youtube.com/user/eveziau"]}]}</script>
<!-- / Yoast SEO plugin. -->

eryckVeziau_portrait_eryck | ERYCK VÉZIAU, COURTIER IMMOBILIER LAVAL, COURTIER IMMOBILIER STE-DOROTHÉE, MAISON À VENDRE LAVAL, AGENT IMMOBILIER STE-DOROTHÉE

ERYCK VÉZIAU, COURTIER IMMOBILIER LAVAL, COURTIER IMMOBILIER STE-DOROTHÉE, MAISON À VENDRE LAVAL, AGENT IMMOBILIER STE-DOROTHÉE

Équipe

Eryck Véziau RE/MAX

https://www.linkedin.com/in/eryck-véziau-6a445134/
