{"id":2036,"date":"2015-02-12T17:25:59","date_gmt":"2015-02-12T22:25:59","guid":{"rendered":"\/files\/2015\/02\/exclusif1.jpg"},"modified":"2015-02-12T17:25:59","modified_gmt":"2015-02-12T22:25:59","slug":"exclusif-2","status":"inherit","type":"attachment","link":"https:\/\/eryckveziau.com\/en\/non-classe\/exclusif-hausses-de-taxes-a-laval-et-a-longueuil-quebec-remboursera-les-citoyens\/attachment\/exclusif-2\/","title":{"rendered":"exclusif"},"author":285,"featured_media":0,"comment_status":"closed","ping_status":"closed","template":"","meta":{"_acf_changed":false},"class_list":["post-2036","attachment","type-attachment","status-inherit","hentry"],"acf":[],"yoast_head":"<!-- This site is optimized with the Yoast SEO plugin v26.7 - https:\/\/yoast.com\/wordpress\/plugins\/seo\/ -->\n<title>exclusif | ERYCK V\u00c9ZIAU, COURTIER IMMOBILIER LAVAL, COURTIER IMMOBILIER STE-DOROTH\u00c9E, MAISON \u00c0 VENDRE LAVAL, AGENT IMMOBILIER STE-DOROTH\u00c9E<\/title>\n<meta name=\"robots\" content=\"index, follow, max-snippet:-1, max-image-preview:large, max-video-preview:-1\" \/>\n<link rel=\"canonical\" href=\"https:\/\/eryckveziau.com\/files\/2015\/02\/exclusif1.jpg\" \/>\n<meta property=\"og:locale\" content=\"en_US\" \/>\n<meta property=\"og:type\" content=\"article\" \/>\n<meta property=\"og:title\" content=\"exclusif | ERYCK V\u00c9ZIAU, COURTIER IMMOBILIER LAVAL, COURTIER IMMOBILIER STE-DOROTH\u00c9E, MAISON \u00c0 VENDRE LAVAL, AGENT IMMOBILIER STE-DOROTH\u00c9E\" \/>\n<meta property=\"og:url\" content=\"https:\/\/eryckveziau.com\/files\/2015\/02\/exclusif1.jpg\" \/>\n<meta property=\"og:site_name\" content=\"ERYCK V\u00c9ZIAU, COURTIER IMMOBILIER LAVAL, COURTIER IMMOBILIER STE-DOROTH\u00c9E, MAISON \u00c0 VENDRE LAVAL, AGENT IMMOBILIER STE-DOROTH\u00c9E\" \/>\n<meta property=\"article:publisher\" content=\"https:\/\/www.facebook.com\/EryckVeziau.courtier.immobilier.ReMax.Laval\" \/>\n<meta property=\"og:image\" content=\"https:\/\/eryckveziau.com\/files\/2015\/02\/exclusif1.jpg\" \/>\n<meta name=\"twitter:card\" content=\"summary_large_image\" \/>\n<meta name=\"twitter:image\" content=\"https:\/\/eryckveziau.com\/files\/2015\/02\/exclusif1.jpg\" \/>\n<script type=\"application\/ld+json\" class=\"yoast-schema-graph\">{\"@context\":\"https:\/\/schema.org\",\"@graph\":[{\"@type\":\"WebPage\",\"@id\":\"https:\/\/eryckveziau.com\/files\/2015\/02\/exclusif1.jpg\",\"url\":\"https:\/\/eryckveziau.com\/files\/2015\/02\/exclusif1.jpg\",\"name\":\"exclusif | ERYCK V\u00c9ZIAU, COURTIER IMMOBILIER LAVAL, COURTIER IMMOBILIER STE-DOROTH\u00c9E, MAISON \u00c0 VENDRE LAVAL, AGENT IMMOBILIER STE-DOROTH\u00c9E\",\"isPartOf\":{\"@id\":\"https:\/\/eryckveziau.com\/en\/#website\"},\"datePublished\":\"2015-02-12T22:25:59+00:00\",\"breadcrumb\":{\"@id\":\"https:\/\/eryckveziau.com\/files\/2015\/02\/exclusif1.jpg#breadcrumb\"},\"inLanguage\":\"en-US\",\"potentialAction\":[{\"@type\":\"ReadAction\",\"target\":[\"https:\/\/eryckveziau.com\/files\/2015\/02\/exclusif1.jpg\"]}]},{\"@type\":\"BreadcrumbList\",\"@id\":\"https:\/\/eryckveziau.com\/files\/2015\/02\/exclusif1.jpg#breadcrumb\",\"itemListElement\":[{\"@type\":\"ListItem\",\"position\":1,\"name\":\"Accueil\",\"item\":\"https:\/\/eryckveziau.com\/en\/\"},{\"@type\":\"ListItem\",\"position\":2,\"name\":\"Exclusif! Hausses de taxes \u00e0 Laval et \u00e0 Longueuil: Qu\u00e9bec remboursera les citoyens\",\"item\":\"https:\/\/eryckveziau.com\/en\/non-classe\/exclusif-hausses-de-taxes-a-laval-et-a-longueuil-quebec-remboursera-les-citoyens\/\"},{\"@type\":\"ListItem\",\"position\":3,\"name\":\"exclusif\"}]},{\"@type\":\"WebSite\",\"@id\":\"https:\/\/eryckveziau.com\/en\/#website\",\"url\":\"https:\/\/eryckveziau.com\/en\/\",\"name\":\"ERYCK V\u00c9ZIAU, COURTIER IMMOBILIER LAVAL, COURTIER IMMOBILIER STE-DOROTH\u00c9E, MAISON \u00c0 VENDRE LAVAL, AGENT IMMOBILIER STE-DOROTH\u00c9E\",\"description\":\"\",\"publisher\":{\"@id\":\"https:\/\/eryckveziau.com\/en\/#organization\"},\"potentialAction\":[{\"@type\":\"SearchAction\",\"target\":{\"@type\":\"EntryPoint\",\"urlTemplate\":\"https:\/\/eryckveziau.com\/en\/?s={search_term_string}\"},\"query-input\":{\"@type\":\"PropertyValueSpecification\",\"valueRequired\":true,\"valueName\":\"search_term_string\"}}],\"inLanguage\":\"en-US\"},{\"@type\":\"Organization\",\"@id\":\"https:\/\/eryckveziau.com\/en\/#organization\",\"name\":\"Eryck V\u00e9ziau RE\/MAX\",\"url\":\"https:\/\/eryckveziau.com\/en\/\",\"logo\":{\"@type\":\"ImageObject\",\"inLanguage\":\"en-US\",\"@id\":\"https:\/\/eryckveziau.com\/en\/#\/schema\/logo\/image\/\",\"url\":\"https:\/\/eryckveziau.com\/files\/2022\/09\/PartageEveziau.png\",\"contentUrl\":\"https:\/\/eryckveziau.com\/files\/2022\/09\/PartageEveziau.png\",\"width\":924,\"height\":454,\"caption\":\"Eryck V\u00e9ziau RE\/MAX\"},\"image\":{\"@id\":\"https:\/\/eryckveziau.com\/en\/#\/schema\/logo\/image\/\"},\"sameAs\":[\"https:\/\/www.facebook.com\/EryckVeziau.courtier.immobilier.ReMax.Laval\",\"https:\/\/www.instagram.com\/eryck_veziau_remax\/\",\"https:\/\/www.linkedin.com\/in\/eryck-v\u00e9ziau-6a445134\/\",\"https:\/\/www.youtube.com\/user\/eveziau\"]}]}<\/script>\n<!-- \/ Yoast SEO plugin. -->","yoast_head_json":{"title":"exclusif | ERYCK V\u00c9ZIAU, COURTIER IMMOBILIER LAVAL, COURTIER IMMOBILIER STE-DOROTH\u00c9E, MAISON \u00c0 VENDRE LAVAL, AGENT IMMOBILIER STE-DOROTH\u00c9E","robots":{"index":"index","follow":"follow","max-snippet":"max-snippet:-1","max-image-preview":"max-image-preview:large","max-video-preview":"max-video-preview:-1"},"canonical":"https:\/\/eryckveziau.com\/files\/2015\/02\/exclusif1.jpg","og_locale":"en_US","og_type":"article","og_title":"exclusif | ERYCK V\u00c9ZIAU, COURTIER IMMOBILIER LAVAL, COURTIER IMMOBILIER STE-DOROTH\u00c9E, MAISON \u00c0 VENDRE LAVAL, AGENT IMMOBILIER STE-DOROTH\u00c9E","og_url":"https:\/\/eryckveziau.com\/files\/2015\/02\/exclusif1.jpg","og_site_name":"ERYCK V\u00c9ZIAU, COURTIER IMMOBILIER LAVAL, COURTIER IMMOBILIER STE-DOROTH\u00c9E, MAISON \u00c0 VENDRE LAVAL, AGENT IMMOBILIER STE-DOROTH\u00c9E","article_publisher":"https:\/\/www.facebook.com\/EryckVeziau.courtier.immobilier.ReMax.Laval","og_image":[{"url":"https:\/\/eryckveziau.com\/files\/2015\/02\/exclusif1.jpg","type":"","width":"","height":""}],"twitter_card":"summary_large_image","twitter_image":"https:\/\/eryckveziau.com\/files\/2015\/02\/exclusif1.jpg","schema":{"@context":"https:\/\/schema.org","@graph":[{"@type":"WebPage","@id":"https:\/\/eryckveziau.com\/files\/2015\/02\/exclusif1.jpg","url":"https:\/\/eryckveziau.com\/files\/2015\/02\/exclusif1.jpg","name":"exclusif | ERYCK V\u00c9ZIAU, COURTIER IMMOBILIER LAVAL, COURTIER IMMOBILIER STE-DOROTH\u00c9E, MAISON \u00c0 VENDRE LAVAL, AGENT IMMOBILIER STE-DOROTH\u00c9E","isPartOf":{"@id":"https:\/\/eryckveziau.com\/en\/#website"},"datePublished":"2015-02-12T22:25:59+00:00","breadcrumb":{"@id":"https:\/\/eryckveziau.com\/files\/2015\/02\/exclusif1.jpg#breadcrumb"},"inLanguage":"en-US","potentialAction":[{"@type":"ReadAction","target":["https:\/\/eryckveziau.com\/files\/2015\/02\/exclusif1.jpg"]}]},{"@type":"BreadcrumbList","@id":"https:\/\/eryckveziau.com\/files\/2015\/02\/exclusif1.jpg#breadcrumb","itemListElement":[{"@type":"ListItem","position":1,"name":"Accueil","item":"https:\/\/eryckveziau.com\/en\/"},{"@type":"ListItem","position":2,"name":"Exclusif! Hausses de taxes \u00e0 Laval et \u00e0 Longueuil: Qu\u00e9bec remboursera les citoyens","item":"https:\/\/eryckveziau.com\/en\/non-classe\/exclusif-hausses-de-taxes-a-laval-et-a-longueuil-quebec-remboursera-les-citoyens\/"},{"@type":"ListItem","position":3,"name":"exclusif"}]},{"@type":"WebSite","@id":"https:\/\/eryckveziau.com\/en\/#website","url":"https:\/\/eryckveziau.com\/en\/","name":"ERYCK V\u00c9ZIAU, COURTIER IMMOBILIER LAVAL, COURTIER IMMOBILIER STE-DOROTH\u00c9E, MAISON \u00c0 VENDRE LAVAL, AGENT IMMOBILIER STE-DOROTH\u00c9E","description":"","publisher":{"@id":"https:\/\/eryckveziau.com\/en\/#organization"},"potentialAction":[{"@type":"SearchAction","target":{"@type":"EntryPoint","urlTemplate":"https:\/\/eryckveziau.com\/en\/?s={search_term_string}"},"query-input":{"@type":"PropertyValueSpecification","valueRequired":true,"valueName":"search_term_string"}}],"inLanguage":"en-US"},{"@type":"Organization","@id":"https:\/\/eryckveziau.com\/en\/#organization","name":"Eryck V\u00e9ziau RE\/MAX","url":"https:\/\/eryckveziau.com\/en\/","logo":{"@type":"ImageObject","inLanguage":"en-US","@id":"https:\/\/eryckveziau.com\/en\/#\/schema\/logo\/image\/","url":"https:\/\/eryckveziau.com\/files\/2022\/09\/PartageEveziau.png","contentUrl":"https:\/\/eryckveziau.com\/files\/2022\/09\/PartageEveziau.png","width":924,"height":454,"caption":"Eryck V\u00e9ziau RE\/MAX"},"image":{"@id":"https:\/\/eryckveziau.com\/en\/#\/schema\/logo\/image\/"},"sameAs":["https:\/\/www.facebook.com\/EryckVeziau.courtier.immobilier.ReMax.Laval","https:\/\/www.instagram.com\/eryck_veziau_remax\/","https:\/\/www.linkedin.com\/in\/eryck-v\u00e9ziau-6a445134\/","https:\/\/www.youtube.com\/user\/eveziau"]}]}},"description":{"rendered":"<p class=\"attachment\"><a href='https:\/\/eryckveziau.com\/files\/2015\/02\/exclusif1.jpg'><img loading=\"lazy\" decoding=\"async\" width=\"300\" height=\"255\" src=\"https:\/\/eryckveziau.com\/files\/2015\/02\/exclusif1-300x255.jpg\" class=\"attachment-medium size-medium\" alt=\"\" srcset=\"https:\/\/eryckveziau.com\/files\/2015\/02\/exclusif1-300x255.jpg 300w, https:\/\/eryckveziau.com\/files\/2015\/02\/exclusif1.jpg 646w\" sizes=\"auto, (max-width: 300px) 100vw, 300px\" \/><\/a><\/p>\n"},"caption":{"rendered":""},"alt_text":"","media_type":"image","mime_type":"image\/jpeg","media_details":{"width":646,"height":550,"file":"2015\/02\/exclusif1.jpg","sizes":{"thumbnail":{"file":"exclusif1-150x150.jpg","width":150,"height":150,"mime_type":"image\/jpeg","source_url":"https:\/\/eryckveziau.com\/files\/2015\/02\/exclusif1-150x150.jpg"},"medium":{"file":"exclusif1-300x255.jpg","width":300,"height":255,"mime_type":"image\/jpeg","source_url":"https:\/\/eryckveziau.com\/files\/2015\/02\/exclusif1-300x255.jpg"},"image_thumb":{"file":"exclusif1-150x150.jpg","width":150,"height":150,"mime_type":"image\/jpeg","source_url":"https:\/\/eryckveziau.com\/files\/2015\/02\/exclusif1-150x150.jpg"},"image_thumb_article":{"file":"exclusif1-80x80.jpg","width":80,"height":80,"mime_type":"image\/jpeg","source_url":"https:\/\/eryckveziau.com\/files\/2015\/02\/exclusif1-80x80.jpg"},"image_full_slider":{"file":"exclusif1-646x359.jpg","width":646,"height":359,"mime_type":"image\/jpeg","source_url":"https:\/\/eryckveziau.com\/files\/2015\/02\/exclusif1-646x359.jpg"},"image_thumb_slider":{"file":"exclusif1-51x33.jpg","width":51,"height":33,"mime_type":"image\/jpeg","source_url":"https:\/\/eryckveziau.com\/files\/2015\/02\/exclusif1-51x33.jpg"},"image_boite_propriete":{"file":"exclusif1-295x164.jpg","width":295,"height":164,"mime_type":"image\/jpeg","source_url":"https:\/\/eryckveziau.com\/files\/2015\/02\/exclusif1-295x164.jpg"},"full":{"file":"exclusif1.jpg","width":646,"height":550,"mime_type":"image\/jpeg","source_url":"https:\/\/eryckveziau.com\/files\/2015\/02\/exclusif1.jpg"}},"image_meta":{"aperture":0,"credit":"Eryck Veziau","camera":"","caption":"","created_timestamp":1423761920,"copyright":"","focal_length":0,"iso":0,"shutter_speed":0,"title":"","orientation":0}},"post":2023,"source_url":"https:\/\/eryckveziau.com\/files\/2015\/02\/exclusif1.jpg","_links":{"self":[{"href":"https:\/\/eryckveziau.com\/en\/wp-json\/wp\/v2\/media\/2036","targetHints":{"allow":["GET"]}}],"collection":[{"href":"https:\/\/eryckveziau.com\/en\/wp-json\/wp\/v2\/media"}],"about":[{"href":"https:\/\/eryckveziau.com\/en\/wp-json\/wp\/v2\/types\/attachment"}],"author":[{"embeddable":true,"href":"https:\/\/eryckveziau.com\/en\/wp-json\/wp\/v2\/users\/285"}],"replies":[{"embeddable":true,"href":"https:\/\/eryckveziau.com\/en\/wp-json\/wp\/v2\/comments?post=2036"}],"wp:attached-to":[{"embeddable":true,"post_type":"post","id":2023,"href":"https:\/\/eryckveziau.com\/en\/wp-json\/wp\/v2\/posts\/2023"}],"curies":[{"name":"wp","href":"https:\/\/api.w.org\/{rel}","templated":true}]}}

<!-- This site is optimized with the Yoast SEO plugin v26.7 - https://yoast.com/wordpress/plugins/seo/ -->
<title>exclusif | ERYCK VÉZIAU, COURTIER IMMOBILIER LAVAL, COURTIER IMMOBILIER STE-DOROTHÉE, MAISON À VENDRE LAVAL, AGENT IMMOBILIER STE-DOROTHÉE</title>
<meta name="robots" content="index, follow, max-snippet:-1, max-image-preview:large, max-video-preview:-1" />
<link rel="canonical" href="https://eryckveziau.com/files/2015/02/exclusif1.jpg" />
<meta property="og:locale" content="en_US" />
<meta property="og:type" content="article" />
<meta property="og:title" content="exclusif | ERYCK VÉZIAU, COURTIER IMMOBILIER LAVAL, COURTIER IMMOBILIER STE-DOROTHÉE, MAISON À VENDRE LAVAL, AGENT IMMOBILIER STE-DOROTHÉE" />
<meta property="og:url" content="https://eryckveziau.com/files/2015/02/exclusif1.jpg" />
<meta property="og:site_name" content="ERYCK VÉZIAU, COURTIER IMMOBILIER LAVAL, COURTIER IMMOBILIER STE-DOROTHÉE, MAISON À VENDRE LAVAL, AGENT IMMOBILIER STE-DOROTHÉE" />
<meta property="article:publisher" content="https://www.facebook.com/EryckVeziau.courtier.immobilier.ReMax.Laval" />
<meta property="og:image" content="https://eryckveziau.com/files/2015/02/exclusif1.jpg" />
<meta name="twitter:card" content="summary_large_image" />
<meta name="twitter:image" content="https://eryckveziau.com/files/2015/02/exclusif1.jpg" />
<script type="application/ld+json" class="yoast-schema-graph">{"@context":"https://schema.org","@graph":[{"@type":"WebPage","@id":"https://eryckveziau.com/files/2015/02/exclusif1.jpg","url":"https://eryckveziau.com/files/2015/02/exclusif1.jpg","name":"exclusif | ERYCK VÉZIAU, COURTIER IMMOBILIER LAVAL, COURTIER IMMOBILIER STE-DOROTHÉE, MAISON À VENDRE LAVAL, AGENT IMMOBILIER STE-DOROTHÉE","isPartOf":{"@id":"https://eryckveziau.com/en/#website"},"datePublished":"2015-02-12T22:25:59+00:00","breadcrumb":{"@id":"https://eryckveziau.com/files/2015/02/exclusif1.jpg#breadcrumb"},"inLanguage":"en-US","potentialAction":[{"@type":"ReadAction","target":["https://eryckveziau.com/files/2015/02/exclusif1.jpg"]}]},{"@type":"BreadcrumbList","@id":"https://eryckveziau.com/files/2015/02/exclusif1.jpg#breadcrumb","itemListElement":[{"@type":"ListItem","position":1,"name":"Accueil","item":"https://eryckveziau.com/en/"},{"@type":"ListItem","position":2,"name":"Exclusif! Hausses de taxes à Laval et à Longueuil: Québec remboursera les citoyens","item":"https://eryckveziau.com/en/non-classe/exclusif-hausses-de-taxes-a-laval-et-a-longueuil-quebec-remboursera-les-citoyens/"},{"@type":"ListItem","position":3,"name":"exclusif"}]},{"@type":"WebSite","@id":"https://eryckveziau.com/en/#website","url":"https://eryckveziau.com/en/","name":"ERYCK VÉZIAU, COURTIER IMMOBILIER LAVAL, COURTIER IMMOBILIER STE-DOROTHÉE, MAISON À VENDRE LAVAL, AGENT IMMOBILIER STE-DOROTHÉE","description":"","publisher":{"@id":"https://eryckveziau.com/en/#organization"},"potentialAction":[{"@type":"SearchAction","target":{"@type":"EntryPoint","urlTemplate":"https://eryckveziau.com/en/?s={search_term_string}"},"query-input":{"@type":"PropertyValueSpecification","valueRequired":true,"valueName":"search_term_string"}}],"inLanguage":"en-US"},{"@type":"Organization","@id":"https://eryckveziau.com/en/#organization","name":"Eryck Véziau RE/MAX","url":"https://eryckveziau.com/en/","logo":{"@type":"ImageObject","inLanguage":"en-US","@id":"https://eryckveziau.com/en/#/schema/logo/image/","url":"https://eryckveziau.com/files/2022/09/PartageEveziau.png","contentUrl":"https://eryckveziau.com/files/2022/09/PartageEveziau.png","width":924,"height":454,"caption":"Eryck Véziau RE/MAX"},"image":{"@id":"https://eryckveziau.com/en/#/schema/logo/image/"},"sameAs":["https://www.facebook.com/EryckVeziau.courtier.immobilier.ReMax.Laval","https://www.instagram.com/eryck_veziau_remax/","https://www.linkedin.com/in/eryck-véziau-6a445134/","https://www.youtube.com/user/eveziau"]}]}</script>
<!-- / Yoast SEO plugin. -->

exclusif | ERYCK VÉZIAU, COURTIER IMMOBILIER LAVAL, COURTIER IMMOBILIER STE-DOROTHÉE, MAISON À VENDRE LAVAL, AGENT IMMOBILIER STE-DOROTHÉE

ERYCK VÉZIAU, COURTIER IMMOBILIER LAVAL, COURTIER IMMOBILIER STE-DOROTHÉE, MAISON À VENDRE LAVAL, AGENT IMMOBILIER STE-DOROTHÉE

Exclusif! Hausses de taxes à Laval et à Longueuil: Québec remboursera les citoyens

Eryck Véziau RE/MAX

https://www.linkedin.com/in/eryck-véziau-6a445134/
